{"id":950,"date":"2022-01-27T10:55:36","date_gmt":"2022-01-27T09:55:36","guid":{"rendered":"http:\/\/www.kulturei.ch\/?post_type=tribe_events&#038;p=950"},"modified":"2022-02-15T12:58:16","modified_gmt":"2022-02-15T11:58:16","slug":"das-unerwartete-erwarten","status":"publish","type":"tribe_events","link":"https:\/\/www.kulturei.ch\/?tribe_events=das-unerwartete-erwarten","title":{"rendered":"Das UNERWARTETE erwarten!?"},"content":{"rendered":"<p><strong>Musik \/ Tanz \/ Comedy mit Charles Jann PLUS und der LB Dance Company<br \/>\n<\/strong>Gesamtkonzept: B\u00e9atrice Bichsel<\/p>\n<p><a href=\"https:\/\/www.upnet.ch\/showdance\/home\/Willkommen.html\" target=\"_blank\" rel=\"noopener noreferrer\">Webseite LB Dance Company<\/a><br \/>\n<a href=\"http:\/\/www.charlesjann.com\" target=\"_blank\" rel=\"noopener noreferrer\">Webseite Charles Jann<\/a><\/p>\n<p><strong>Ort:<\/strong> Landgasthof B\u00e4ren in Sumiswald<br \/>\n<strong>Eintritt: <\/strong>25.-<br \/>\n<strong>Mitglieder Kulturei: <\/strong>Erm\u00e4ssigung Fr. 5.-<br \/>\n<strong>Sch\u00fcler\/innen: <\/strong>gratis<br \/>\n<strong>Abendkasse: <\/strong>ab 19.30 Uhr <strong>\/ Programmbeginn: <\/strong>20.00 Uhr<br \/>\n<strong>Coronamassnahmen: <\/strong>Es gelten die per dato g\u00fcltigen Coronaregeln<\/p>\n<p><span style=\"color: #ff0000;\">An der Abendkasse sind nur noch eine begrenzte Anzahl Pl\u00e4tze verf\u00fcgbar. Falls Sie keine Reservation haben, treffen Sie fr\u00fchzeitig ein.<\/span><\/p>\n","protected":false},"excerpt":{"rendered":"<p>Musik \/ Tanz \/ Comedy mit Charles Jann PLUS und der LB Dance Company Gesamtkonzept: B\u00e9atrice Bichsel Webseite LB Dance Company Webseite Charles Jann Ort: Landgasthof B\u00e4ren in Sumiswald Eintritt: 25.- Mitglieder Kulturei: Erm\u00e4ssigung Fr. 5.- Sch\u00fcler\/innen: gratis Abendkasse: ab &hellip; <a href=\"https:\/\/www.kulturei.ch\/?tribe_events=das-unerwartete-erwarten\">Weiterlesen <span class=\"meta-nav\">&rarr;<\/span><\/a><\/p>\n","protected":false},"author":1,"featured_media":947,"comment_status":"closed","ping_status":"closed","template":"","meta":{"_price":"","_stock":"","_tribe_ticket_header":"","_tribe_default_ticket_provider":"","_tribe_ticket_capacity":"","_ticket_start_date":"","_ticket_end_date":"","_tribe_ticket_show_description":"","_tribe_ticket_show_not_going":false,"_tribe_ticket_use_global_stock":"","_tribe_ticket_global_stock_level":"","_global_stock_mode":"","_global_stock_cap":"","_tribe_rsvp_for_event":"","_tribe_ticket_going_count":"","_tribe_ticket_not_going_count":"","_tribe_tickets_list":"[]","_tribe_ticket_has_attendee_info_fields":false,"_tribe_events_status":"","_tribe_events_status_reason":"","footnotes":"","_tec_slr_enabled":"","_tec_slr_layout":""},"tags":[],"tribe_events_cat":[],"class_list":["post-950","tribe_events","type-tribe_events","status-publish","has-post-thumbnail","hentry"],"ticketed":["rsvp"],"_links":{"self":[{"href":"https:\/\/www.kulturei.ch\/index.php?rest_route=\/wp\/v2\/tribe_events\/950","targetHints":{"allow":["GET"]}}],"collection":[{"href":"https:\/\/www.kulturei.ch\/index.php?rest_route=\/wp\/v2\/tribe_events"}],"about":[{"href":"https:\/\/www.kulturei.ch\/index.php?rest_route=\/wp\/v2\/types\/tribe_events"}],"author":[{"embeddable":true,"href":"https:\/\/www.kulturei.ch\/index.php?rest_route=\/wp\/v2\/users\/1"}],"replies":[{"embeddable":true,"href":"https:\/\/www.kulturei.ch\/index.php?rest_route=%2Fwp%2Fv2%2Fcomments&post=950"}],"version-history":[{"count":5,"href":"https:\/\/www.kulturei.ch\/index.php?rest_route=\/wp\/v2\/tribe_events\/950\/revisions"}],"predecessor-version":[{"id":1063,"href":"https:\/\/www.kulturei.ch\/index.php?rest_route=\/wp\/v2\/tribe_events\/950\/revisions\/1063"}],"wp:featuredmedia":[{"embeddable":true,"href":"https:\/\/www.kulturei.ch\/index.php?rest_route=\/wp\/v2\/media\/947"}],"wp:attachment":[{"href":"https:\/\/www.kulturei.ch\/index.php?rest_route=%2Fwp%2Fv2%2Fmedia&parent=950"}],"wp:term":[{"taxonomy":"post_tag","embeddable":true,"href":"https:\/\/www.kulturei.ch\/index.php?rest_route=%2Fwp%2Fv2%2Ftags&post=950"},{"taxonomy":"tribe_events_cat","embeddable":true,"href":"https:\/\/www.kulturei.ch\/index.php?rest_route=%2Fwp%2Fv2%2Ftribe_events_cat&post=950"}],"curies":[{"name":"wp","href":"https:\/\/api.w.org\/{rel}","templated":true}]}}

<p><strong>Musik / Tanz / Comedy mit Charles Jann PLUS und der LB Dance Company<br />
</strong>Gesamtkonzept: Béatrice Bichsel</p>
<p><a href="https://www.upnet.ch/showdance/home/Willkommen.html" target="_blank" rel="noopener noreferrer">Webseite LB Dance Company</a><br />
<a href="http://www.charlesjann.com" target="_blank" rel="noopener noreferrer">Webseite Charles Jann</a></p>
<p><strong>Ort:</strong> Landgasthof Bären in Sumiswald<br />
<strong>Eintritt: </strong>25.-<br />
<strong>Mitglieder Kulturei: </strong>Ermässigung Fr. 5.-<br />
<strong>Schüler/innen: </strong>gratis<br />
<strong>Abendkasse: </strong>ab 19.30 Uhr <strong>/ Programmbeginn: </strong>20.00 Uhr<br />
<strong>Coronamassnahmen: </strong>Es gelten die per dato gültigen Coronaregeln</p>
<p><span style="color: #ff0000;">An der Abendkasse sind nur noch eine begrenzte Anzahl Plätze verfügbar. Falls Sie keine Reservation haben, treffen Sie frühzeitig ein.</span></p>

<p>Musik / Tanz / Comedy mit Charles Jann PLUS und der LB Dance Company Gesamtkonzept: Béatrice Bichsel Webseite LB Dance Company Webseite Charles Jann Ort: Landgasthof Bären in Sumiswald Eintritt: 25.- Mitglieder Kulturei: Ermässigung Fr. 5.- Schüler/innen: gratis Abendkasse: ab &hellip; <a href="https://www.kulturei.ch/?tribe_events=das-unerwartete-erwarten">Weiterlesen <span class="meta-nav">&rarr;</span></a></p>
