{"id":678,"date":"2019-11-26T09:21:03","date_gmt":"2019-11-26T08:21:03","guid":{"rendered":"http:\/\/www.kulturei.ch\/?post_type=tribe_events&#038;p=678"},"modified":"2019-12-20T09:28:11","modified_gmt":"2019-12-20T08:28:11","slug":"kulinarik-und-musik-2","status":"publish","type":"tribe_events","link":"https:\/\/www.kulturei.ch\/?tribe_events=kulinarik-und-musik-2","title":{"rendered":"Kulinarik und Musik"},"content":{"rendered":"<p>Mit Lehrkr\u00e4ften der Musikschule Sumiswald und der LB Dance Company:<\/p>\n<p><strong>Musik:<\/strong><br \/>\nJoyce-Carolyn Bahner, Klavier<br \/>\nMarc Bonastre Riu, Oboe<br \/>\nLivia Gucanin, Querfl\u00f6te<br \/>\nCharles Jann, Klavier<br \/>\nSara J\u00e4ggi, Sopran<br \/>\nHanspeter Mosimann, Sopransaxofon\/Klarinette<br \/>\nTatjana von Gunten-Massalova, Klavier<\/p>\n<p><strong>Tanz:<\/strong><br \/>\nRuth Geissb\u00fchler, Mirjam Held, Lyn R\u00f6thlisberger, Mirjam Sch\u00fctz, Moana Steinmann, Fiona Stucki<br \/>\nB\u00e9atrice Bichsel: Konzept\/Choreografie\/Kost\u00fcme<\/p>\n<p><strong>Menu:<\/strong><br \/>\nMehrgangmenu (mit vegetarischer Variante) Erwachsene: 45.-<br \/>\n(Kindermenu auf Anfrage)<\/p>\n<p><strong>T\u00fcr\u00f6ffnung:<\/strong> 18:30 Uhr \/ <strong>Konzertbeginn:<\/strong> 19:00 Uhr<\/p>\n<p><strong>Reservation ist erforderlich!<br \/>\n<\/strong>Anmeldung bis Samstag, 04. Januar 2020 beim\u00a0<a href=\"http:\/\/www.baeren-sumiswald.ch\/\" target=\"_blank\" rel=\"noopener noreferrer\">Landgasthof B\u00e4ren<\/a> Sumiswald<br \/>\n<strong>Telefon:<\/strong>\u00a0034 431 10 22<br \/>\n<strong>E-Mail:<\/strong> hotel@baeren-sumiswald.ch<\/p>\n","protected":false},"excerpt":{"rendered":"<p>Mit Lehrkr\u00e4ften der Musikschule Sumiswald und der LB Dance Company: Musik: Joyce-Carolyn Bahner, Klavier Marc Bonastre Riu, Oboe Livia Gucanin, Querfl\u00f6te Charles Jann, Klavier Sara J\u00e4ggi, Sopran Hanspeter Mosimann, Sopransaxofon\/Klarinette Tatjana von Gunten-Massalova, Klavier Tanz: Ruth Geissb\u00fchler, Mirjam Held, Lyn &hellip; <a href=\"https:\/\/www.kulturei.ch\/?tribe_events=kulinarik-und-musik-2\">Weiterlesen <span class=\"meta-nav\">&rarr;<\/span><\/a><\/p>\n","protected":false},"author":1,"featured_media":679,"comment_status":"closed","ping_status":"closed","template":"","meta":{"_price":"","_stock":"","_tribe_ticket_header":"","_tribe_default_ticket_provider":"","_tribe_ticket_capacity":"0","_ticket_start_date":"","_ticket_end_date":"","_tribe_ticket_show_description":"","_tribe_ticket_show_not_going":false,"_tribe_ticket_use_global_stock":"","_tribe_ticket_global_stock_level":"","_global_stock_mode":"","_global_stock_cap":"","_tribe_rsvp_for_event":"","_tribe_ticket_going_count":"","_tribe_ticket_not_going_count":"","_tribe_tickets_list":"[]","_tribe_ticket_has_attendee_info_fields":false,"_tribe_events_status":"","_tribe_events_status_reason":"","footnotes":"","_tec_slr_enabled":"","_tec_slr_layout":""},"tags":[],"tribe_events_cat":[],"class_list":["post-678","tribe_events","type-tribe_events","status-publish","has-post-thumbnail","hentry"],"ticketed":false,"_links":{"self":[{"href":"https:\/\/www.kulturei.ch\/index.php?rest_route=\/wp\/v2\/tribe_events\/678","targetHints":{"allow":["GET"]}}],"collection":[{"href":"https:\/\/www.kulturei.ch\/index.php?rest_route=\/wp\/v2\/tribe_events"}],"about":[{"href":"https:\/\/www.kulturei.ch\/index.php?rest_route=\/wp\/v2\/types\/tribe_events"}],"author":[{"embeddable":true,"href":"https:\/\/www.kulturei.ch\/index.php?rest_route=\/wp\/v2\/users\/1"}],"replies":[{"embeddable":true,"href":"https:\/\/www.kulturei.ch\/index.php?rest_route=%2Fwp%2Fv2%2Fcomments&post=678"}],"version-history":[{"count":2,"href":"https:\/\/www.kulturei.ch\/index.php?rest_route=\/wp\/v2\/tribe_events\/678\/revisions"}],"predecessor-version":[{"id":744,"href":"https:\/\/www.kulturei.ch\/index.php?rest_route=\/wp\/v2\/tribe_events\/678\/revisions\/744"}],"wp:featuredmedia":[{"embeddable":true,"href":"https:\/\/www.kulturei.ch\/index.php?rest_route=\/wp\/v2\/media\/679"}],"wp:attachment":[{"href":"https:\/\/www.kulturei.ch\/index.php?rest_route=%2Fwp%2Fv2%2Fmedia&parent=678"}],"wp:term":[{"taxonomy":"post_tag","embeddable":true,"href":"https:\/\/www.kulturei.ch\/index.php?rest_route=%2Fwp%2Fv2%2Ftags&post=678"},{"taxonomy":"tribe_events_cat","embeddable":true,"href":"https:\/\/www.kulturei.ch\/index.php?rest_route=%2Fwp%2Fv2%2Ftribe_events_cat&post=678"}],"curies":[{"name":"wp","href":"https:\/\/api.w.org\/{rel}","templated":true}]}}

<p>Mit Lehrkräften der Musikschule Sumiswald und der LB Dance Company:</p>
<p><strong>Musik:</strong><br />
Joyce-Carolyn Bahner, Klavier<br />
Marc Bonastre Riu, Oboe<br />
Livia Gucanin, Querflöte<br />
Charles Jann, Klavier<br />
Sara Jäggi, Sopran<br />
Hanspeter Mosimann, Sopransaxofon/Klarinette<br />
Tatjana von Gunten-Massalova, Klavier</p>
<p><strong>Tanz:</strong><br />
Ruth Geissbühler, Mirjam Held, Lyn Röthlisberger, Mirjam Schütz, Moana Steinmann, Fiona Stucki<br />
Béatrice Bichsel: Konzept/Choreografie/Kostüme</p>
<p><strong>Menu:</strong><br />
Mehrgangmenu (mit vegetarischer Variante) Erwachsene: 45.-<br />
(Kindermenu auf Anfrage)</p>
<p><strong>Türöffnung:</strong> 18:30 Uhr / <strong>Konzertbeginn:</strong> 19:00 Uhr</p>
<p><strong>Reservation ist erforderlich!<br />
</strong>Anmeldung bis Samstag, 04. Januar 2020 beim <a href="http://www.baeren-sumiswald.ch/" target="_blank" rel="noopener noreferrer">Landgasthof Bären</a> Sumiswald<br />
<strong>Telefon:</strong> 034 431 10 22<br />
<strong>E-Mail:</strong> hotel@baeren-sumiswald.ch</p>

<p>Mit Lehrkräften der Musikschule Sumiswald und der LB Dance Company: Musik: Joyce-Carolyn Bahner, Klavier Marc Bonastre Riu, Oboe Livia Gucanin, Querflöte Charles Jann, Klavier Sara Jäggi, Sopran Hanspeter Mosimann, Sopransaxofon/Klarinette Tatjana von Gunten-Massalova, Klavier Tanz: Ruth Geissbühler, Mirjam Held, Lyn &hellip; <a href="https://www.kulturei.ch/?tribe_events=kulinarik-und-musik-2">Weiterlesen <span class="meta-nav">&rarr;</span></a></p>
