{"id":475,"date":"2019-03-19T09:41:46","date_gmt":"2019-03-19T08:41:46","guid":{"rendered":"http:\/\/www.kulturei.ch\/?post_type=tribe_events&#038;p=475"},"modified":"2019-04-09T10:38:03","modified_gmt":"2019-04-09T08:38:03","slug":"stereo-sumiswald-02","status":"publish","type":"tribe_events","link":"https:\/\/www.kulturei.ch\/?tribe_events=stereo-sumiswald-02","title":{"rendered":"STEREO Sumiswald #02"},"content":{"rendered":"<p><img loading=\"lazy\" decoding=\"async\" class=\"alignleft size-full wp-image-490\" src=\"https:\/\/www.kulturei.ch\/wp-content\/uploads\/2019\/03\/stereo_nr2_eventbild_fb.jpg\" alt=\"\" width=\"2001\" height=\"1080\" srcset=\"https:\/\/www.kulturei.ch\/wp-content\/uploads\/2019\/03\/stereo_nr2_eventbild_fb.jpg 2001w, https:\/\/www.kulturei.ch\/wp-content\/uploads\/2019\/03\/stereo_nr2_eventbild_fb-300x162.jpg 300w, https:\/\/www.kulturei.ch\/wp-content\/uploads\/2019\/03\/stereo_nr2_eventbild_fb-768x415.jpg 768w, https:\/\/www.kulturei.ch\/wp-content\/uploads\/2019\/03\/stereo_nr2_eventbild_fb-1024x553.jpg 1024w\" sizes=\"auto, (max-width: 2001px) 100vw, 2001px\" \/><\/p>\n<p>Am Samstag, <strong>4. Mai 2019<\/strong> pr\u00e4sentiert die KULTUREI die zweite Ausgabe des <strong>STEREO<\/strong> Sumiswald. Ein Abend, an dem die Musik im Mittelpunkt steht.<\/p>\n<p><strong>T\u00fcr\u00f6ffnung und frische Holzofen Pizzas ab:<\/strong> 19.30 Uhr<br \/>\n<strong>Beginn Konzerte:<\/strong> 20.30 Uhr<\/p>\n<p>In diesem Jahr sind folgende K\u00fcnstler mit dabei:<\/p>\n<p><a href=\"https:\/\/www.facebook.com\/johoband\/\" target=\"_blank\" rel=\"noopener\"><strong>J\u00d8HO<\/strong><\/a> 20.30 Uhr<br \/>\nJ\u00d8HO ist Mundart in spezieller Form, weit weg vom Einheitsbrei. Wer die Burgdorfer Band bereits live erlebt hat, weiss wie ansteckend ihre Spielfreude auf der B\u00fchne ist und sch\u00e4tzt ihre vielseitigen Songs mit kreativen und witzigen Texten.<br \/>\n<iframe loading=\"lazy\" src=\"https:\/\/www.youtube.com\/embed\/5eBOWxplFto\" width=\"560\" height=\"315\" frameborder=\"0\" allowfullscreen=\"allowfullscreen\"><span data-mce-type=\"bookmark\" style=\"display: inline-block; width: 0px; overflow: hidden; line-height: 0;\" class=\"mce_SELRES_start\">\ufeff<\/span><\/iframe><\/p>\n<p><a href=\"https:\/\/www.tortillaflat.ch\/\" target=\"_blank\" rel=\"noopener\"><strong>TORTILLA FLAT<\/strong><\/a> 22.00 Uhr<br \/>\nSchottisch-irische Melodien und ein anst\u00e4ndiges St\u00fcck &#171;Old School&#187; Punkrock. Eine Mischung, die einfach passt und von den Langenthalern bereits seit 1991 zelebriert wird! Unterst\u00fctzt werden die Flats von lone Piper Tom MacFly (am Dudelsack).<br \/>\n<iframe loading=\"lazy\" src=\"https:\/\/www.youtube.com\/embed\/nJvcjYuA9fw\" width=\"560\" height=\"315\" frameborder=\"0\" allowfullscreen=\"allowfullscreen\"><span data-mce-type=\"bookmark\" style=\"display: inline-block; width: 0px; overflow: hidden; line-height: 0;\" class=\"mce_SELRES_start\">\ufeff<\/span><\/iframe><br \/>\n<strong>Eintritt:<\/strong> CHF 25.&#8211; \/ Erm\u00e4ssigung Kulturei Mitglieder: CHF 5.&#8211;<\/p>\n<p><strong>T\u00fcr\u00f6ffnung und frische Holzofen-Pizzas<\/strong> ab 19.30 Uhr<\/p>\n<p><strong>Reservationen<\/strong>\u00a0via Mail info@kulturei.ch m\u00f6glich<br \/>\n(Name, Adresse, Anzahl Eintritte angeben)<\/p>\n","protected":false},"excerpt":{"rendered":"<p>Am Samstag, 4. Mai 2019 pr\u00e4sentiert die KULTUREI die zweite Ausgabe des STEREO Sumiswald. Ein Abend, an dem die Musik im Mittelpunkt steht. T\u00fcr\u00f6ffnung und frische Holzofen Pizzas ab: 19.30 Uhr Beginn Konzerte: 20.30 Uhr In diesem Jahr sind folgende &hellip; <a href=\"https:\/\/www.kulturei.ch\/?tribe_events=stereo-sumiswald-02\">Weiterlesen <span class=\"meta-nav\">&rarr;<\/span><\/a><\/p>\n","protected":false},"author":1,"featured_media":0,"comment_status":"closed","ping_status":"closed","template":"","meta":{"_price":"","_stock":"","_tribe_ticket_header":"","_tribe_default_ticket_provider":"","_tribe_ticket_capacity":"0","_ticket_start_date":"","_ticket_end_date":"","_tribe_ticket_show_description":"","_tribe_ticket_show_not_going":false,"_tribe_ticket_use_global_stock":"","_tribe_ticket_global_stock_level":"","_global_stock_mode":"","_global_stock_cap":"","_tribe_rsvp_for_event":"","_tribe_ticket_going_count":"","_tribe_ticket_not_going_count":"","_tribe_tickets_list":"[]","_tribe_ticket_has_attendee_info_fields":false,"_tribe_events_status":"","_tribe_events_status_reason":"","footnotes":"","_tec_slr_enabled":"","_tec_slr_layout":""},"tags":[],"tribe_events_cat":[],"class_list":["post-475","tribe_events","type-tribe_events","status-publish","hentry"],"ticketed":false,"_links":{"self":[{"href":"https:\/\/www.kulturei.ch\/index.php?rest_route=\/wp\/v2\/tribe_events\/475","targetHints":{"allow":["GET"]}}],"collection":[{"href":"https:\/\/www.kulturei.ch\/index.php?rest_route=\/wp\/v2\/tribe_events"}],"about":[{"href":"https:\/\/www.kulturei.ch\/index.php?rest_route=\/wp\/v2\/types\/tribe_events"}],"author":[{"embeddable":true,"href":"https:\/\/www.kulturei.ch\/index.php?rest_route=\/wp\/v2\/users\/1"}],"replies":[{"embeddable":true,"href":"https:\/\/www.kulturei.ch\/index.php?rest_route=%2Fwp%2Fv2%2Fcomments&post=475"}],"version-history":[{"count":7,"href":"https:\/\/www.kulturei.ch\/index.php?rest_route=\/wp\/v2\/tribe_events\/475\/revisions"}],"predecessor-version":[{"id":491,"href":"https:\/\/www.kulturei.ch\/index.php?rest_route=\/wp\/v2\/tribe_events\/475\/revisions\/491"}],"wp:attachment":[{"href":"https:\/\/www.kulturei.ch\/index.php?rest_route=%2Fwp%2Fv2%2Fmedia&parent=475"}],"wp:term":[{"taxonomy":"post_tag","embeddable":true,"href":"https:\/\/www.kulturei.ch\/index.php?rest_route=%2Fwp%2Fv2%2Ftags&post=475"},{"taxonomy":"tribe_events_cat","embeddable":true,"href":"https:\/\/www.kulturei.ch\/index.php?rest_route=%2Fwp%2Fv2%2Ftribe_events_cat&post=475"}],"curies":[{"name":"wp","href":"https:\/\/api.w.org\/{rel}","templated":true}]}}

<p><img loading="lazy" decoding="async" class="alignleft size-full wp-image-490" src="https://www.kulturei.ch/wp-content/uploads/2019/03/stereo_nr2_eventbild_fb.jpg" alt="" width="2001" height="1080" srcset="https://www.kulturei.ch/wp-content/uploads/2019/03/stereo_nr2_eventbild_fb.jpg 2001w, https://www.kulturei.ch/wp-content/uploads/2019/03/stereo_nr2_eventbild_fb-300x162.jpg 300w, https://www.kulturei.ch/wp-content/uploads/2019/03/stereo_nr2_eventbild_fb-768x415.jpg 768w, https://www.kulturei.ch/wp-content/uploads/2019/03/stereo_nr2_eventbild_fb-1024x553.jpg 1024w" sizes="auto, (max-width: 2001px) 100vw, 2001px" /></p>
<p>Am Samstag, <strong>4. Mai 2019</strong> präsentiert die KULTUREI die zweite Ausgabe des <strong>STEREO</strong> Sumiswald. Ein Abend, an dem die Musik im Mittelpunkt steht.</p>
<p><strong>Türöffnung und frische Holzofen Pizzas ab:</strong> 19.30 Uhr<br />
<strong>Beginn Konzerte:</strong> 20.30 Uhr</p>
<p>In diesem Jahr sind folgende Künstler mit dabei:</p>
<p><a href="https://www.facebook.com/johoband/" target="_blank" rel="noopener"><strong>JØHO</strong></a> 20.30 Uhr<br />
JØHO ist Mundart in spezieller Form, weit weg vom Einheitsbrei. Wer die Burgdorfer Band bereits live erlebt hat, weiss wie ansteckend ihre Spielfreude auf der Bühne ist und schätzt ihre vielseitigen Songs mit kreativen und witzigen Texten.<br />
<iframe loading="lazy" src="https://www.youtube.com/embed/5eBOWxplFto" width="560" height="315" frameborder="0" allowfullscreen="allowfullscreen"><span data-mce-type="bookmark" style="display: inline-block; width: 0px; overflow: hidden; line-height: 0;" class="mce_SELRES_start">﻿</span></iframe></p>
<p><a href="https://www.tortillaflat.ch/" target="_blank" rel="noopener"><strong>TORTILLA FLAT</strong></a> 22.00 Uhr<br />
Schottisch-irische Melodien und ein anständiges Stück &#171;Old School&#187; Punkrock. Eine Mischung, die einfach passt und von den Langenthalern bereits seit 1991 zelebriert wird! Unterstützt werden die Flats von lone Piper Tom MacFly (am Dudelsack).<br />
<iframe loading="lazy" src="https://www.youtube.com/embed/nJvcjYuA9fw" width="560" height="315" frameborder="0" allowfullscreen="allowfullscreen"><span data-mce-type="bookmark" style="display: inline-block; width: 0px; overflow: hidden; line-height: 0;" class="mce_SELRES_start">﻿</span></iframe><br />
<strong>Eintritt:</strong> CHF 25.&#8211; / Ermässigung Kulturei Mitglieder: CHF 5.&#8211;</p>
<p><strong>Türöffnung und frische Holzofen-Pizzas</strong> ab 19.30 Uhr</p>
<p><strong>Reservationen</strong> via Mail info@kulturei.ch möglich<br />
(Name, Adresse, Anzahl Eintritte angeben)</p>

<p>Am Samstag, 4. Mai 2019 präsentiert die KULTUREI die zweite Ausgabe des STEREO Sumiswald. Ein Abend, an dem die Musik im Mittelpunkt steht. Türöffnung und frische Holzofen Pizzas ab: 19.30 Uhr Beginn Konzerte: 20.30 Uhr In diesem Jahr sind folgende &hellip; <a href="https://www.kulturei.ch/?tribe_events=stereo-sumiswald-02">Weiterlesen <span class="meta-nav">&rarr;</span></a></p>
