{"id":407,"date":"2018-08-14T12:01:24","date_gmt":"2018-08-14T10:01:24","guid":{"rendered":"http:\/\/www.kulturei.ch\/?post_type=tribe_events&#038;p=407"},"modified":"2019-01-15T09:29:42","modified_gmt":"2019-01-15T08:29:42","slug":"ohne-rolf","status":"publish","type":"tribe_events","link":"https:\/\/www.kulturei.ch\/?tribe_events=ohne-rolf","title":{"rendered":"Ohne Rolf"},"content":{"rendered":"<p>ACHTUNG: Dieser Anlass wird neu in der <strong>Aula Sumiswald<\/strong> stattfinden.<br \/>\n<strong>Reservationen<\/strong> via Mail info@kulturei.ch m\u00f6glich (Name, Adresse, Anzahl Eintritte angeben)<\/p>\n<p><img loading=\"lazy\" decoding=\"async\" class=\"alignleft size-large wp-image-443\" src=\"https:\/\/www.kulturei.ch\/wp-content\/uploads\/2018\/08\/orolf1-1024x723.jpg\" alt=\"\" width=\"640\" height=\"452\" srcset=\"https:\/\/www.kulturei.ch\/wp-content\/uploads\/2018\/08\/orolf1-1024x723.jpg 1024w, https:\/\/www.kulturei.ch\/wp-content\/uploads\/2018\/08\/orolf1-300x212.jpg 300w, https:\/\/www.kulturei.ch\/wp-content\/uploads\/2018\/08\/orolf1-768x542.jpg 768w, https:\/\/www.kulturei.ch\/wp-content\/uploads\/2018\/08\/orolf1.jpg 1134w\" sizes=\"auto, (max-width: 640px) 100vw, 640px\" \/><\/p>\n<p>&#171;Sie stehen schweigend auf der B\u00fchne und bl\u00e4ttern Plakate: Minimalistischer als die Komik des Luzerner Duos OHNE ROLF kann Humor nicht sein. Und trotzdem hat ihr irrwitziges Kabarett mehr philosophischen Biss und tiefgr\u00fcndigen Humor als alle andern.&#187;<br \/>\n<em>&#8211; Christian Hubschmieds Begr\u00fcndung f\u00fcr den 1. Platz im Comedy-Rating der Sonntags-Zeitung, 2012<\/em><\/p>\n<p>Beginn: 20:00 \/ T\u00fcr\u00f6ffnung: 19:30<br \/>\nEintritt: CHF 25.- (Kulturei Mitglieder erhalten eine Erm\u00e4ssigung von CHF 5.-)<\/p>\n<p>Reservation via Mail info@kulturei.ch m\u00f6glich (Name, Adresse, Anzahl Eintritte angeben)<\/p>\n","protected":false},"excerpt":{"rendered":"<p>ACHTUNG: Dieser Anlass wird neu in der Aula Sumiswald stattfinden. Reservationen via Mail info@kulturei.ch m\u00f6glich (Name, Adresse, Anzahl Eintritte angeben) &#171;Sie stehen schweigend auf der B\u00fchne und bl\u00e4ttern Plakate: Minimalistischer als die Komik des Luzerner Duos OHNE ROLF kann Humor &hellip; <a href=\"https:\/\/www.kulturei.ch\/?tribe_events=ohne-rolf\">Weiterlesen <span class=\"meta-nav\">&rarr;<\/span><\/a><\/p>\n","protected":false},"author":1,"featured_media":0,"comment_status":"closed","ping_status":"closed","template":"","meta":{"_price":"","_stock":"","_tribe_ticket_header":"","_tribe_default_ticket_provider":"","_tribe_ticket_capacity":"0","_ticket_start_date":"","_ticket_end_date":"","_tribe_ticket_show_description":"","_tribe_ticket_show_not_going":false,"_tribe_ticket_use_global_stock":"","_tribe_ticket_global_stock_level":"","_global_stock_mode":"","_global_stock_cap":"","_tribe_rsvp_for_event":"","_tribe_ticket_going_count":"","_tribe_ticket_not_going_count":"","_tribe_tickets_list":"[]","_tribe_ticket_has_attendee_info_fields":false,"_tribe_events_status":"","_tribe_events_status_reason":"","footnotes":"","_tec_slr_enabled":"","_tec_slr_layout":""},"tags":[],"tribe_events_cat":[],"class_list":["post-407","tribe_events","type-tribe_events","status-publish","hentry"],"ticketed":false,"_links":{"self":[{"href":"https:\/\/www.kulturei.ch\/index.php?rest_route=\/wp\/v2\/tribe_events\/407","targetHints":{"allow":["GET"]}}],"collection":[{"href":"https:\/\/www.kulturei.ch\/index.php?rest_route=\/wp\/v2\/tribe_events"}],"about":[{"href":"https:\/\/www.kulturei.ch\/index.php?rest_route=\/wp\/v2\/types\/tribe_events"}],"author":[{"embeddable":true,"href":"https:\/\/www.kulturei.ch\/index.php?rest_route=\/wp\/v2\/users\/1"}],"replies":[{"embeddable":true,"href":"https:\/\/www.kulturei.ch\/index.php?rest_route=%2Fwp%2Fv2%2Fcomments&post=407"}],"version-history":[{"count":8,"href":"https:\/\/www.kulturei.ch\/index.php?rest_route=\/wp\/v2\/tribe_events\/407\/revisions"}],"predecessor-version":[{"id":462,"href":"https:\/\/www.kulturei.ch\/index.php?rest_route=\/wp\/v2\/tribe_events\/407\/revisions\/462"}],"wp:attachment":[{"href":"https:\/\/www.kulturei.ch\/index.php?rest_route=%2Fwp%2Fv2%2Fmedia&parent=407"}],"wp:term":[{"taxonomy":"post_tag","embeddable":true,"href":"https:\/\/www.kulturei.ch\/index.php?rest_route=%2Fwp%2Fv2%2Ftags&post=407"},{"taxonomy":"tribe_events_cat","embeddable":true,"href":"https:\/\/www.kulturei.ch\/index.php?rest_route=%2Fwp%2Fv2%2Ftribe_events_cat&post=407"}],"curies":[{"name":"wp","href":"https:\/\/api.w.org\/{rel}","templated":true}]}}

<p>ACHTUNG: Dieser Anlass wird neu in der <strong>Aula Sumiswald</strong> stattfinden.<br />
<strong>Reservationen</strong> via Mail info@kulturei.ch möglich (Name, Adresse, Anzahl Eintritte angeben)</p>
<p><img loading="lazy" decoding="async" class="alignleft size-large wp-image-443" src="https://www.kulturei.ch/wp-content/uploads/2018/08/orolf1-1024x723.jpg" alt="" width="640" height="452" srcset="https://www.kulturei.ch/wp-content/uploads/2018/08/orolf1-1024x723.jpg 1024w, https://www.kulturei.ch/wp-content/uploads/2018/08/orolf1-300x212.jpg 300w, https://www.kulturei.ch/wp-content/uploads/2018/08/orolf1-768x542.jpg 768w, https://www.kulturei.ch/wp-content/uploads/2018/08/orolf1.jpg 1134w" sizes="auto, (max-width: 640px) 100vw, 640px" /></p>
<p>&#171;Sie stehen schweigend auf der Bühne und blättern Plakate: Minimalistischer als die Komik des Luzerner Duos OHNE ROLF kann Humor nicht sein. Und trotzdem hat ihr irrwitziges Kabarett mehr philosophischen Biss und tiefgründigen Humor als alle andern.&#187;<br />
<em>&#8211; Christian Hubschmieds Begründung für den 1. Platz im Comedy-Rating der Sonntags-Zeitung, 2012</em></p>
<p>Beginn: 20:00 / Türöffnung: 19:30<br />
Eintritt: CHF 25.- (Kulturei Mitglieder erhalten eine Ermässigung von CHF 5.-)</p>
<p>Reservation via Mail info@kulturei.ch möglich (Name, Adresse, Anzahl Eintritte angeben)</p>

<p>ACHTUNG: Dieser Anlass wird neu in der Aula Sumiswald stattfinden. Reservationen via Mail info@kulturei.ch möglich (Name, Adresse, Anzahl Eintritte angeben) &#171;Sie stehen schweigend auf der Bühne und blättern Plakate: Minimalistischer als die Komik des Luzerner Duos OHNE ROLF kann Humor &hellip; <a href="https://www.kulturei.ch/?tribe_events=ohne-rolf">Weiterlesen <span class="meta-nav">&rarr;</span></a></p>
