{"id":273,"date":"2017-07-27T10:55:29","date_gmt":"2017-07-27T08:55:29","guid":{"rendered":"http:\/\/www.kulturei.ch\/?post_type=tribe_events&#038;p=273"},"modified":"2018-04-09T11:05:50","modified_gmt":"2018-04-09T09:05:50","slug":"vortrag-architektur-des-20-jahrhunderts-dieter-schnell","status":"publish","type":"tribe_events","link":"https:\/\/www.kulturei.ch\/?tribe_events=vortrag-architektur-des-20-jahrhunderts-dieter-schnell","title":{"rendered":"Vortrag: Architektur des 20. Jahrhunderts (Dieter Schnell)"},"content":{"rendered":"<p>Architektur des 20. Jahrhunderts. <strong>\u00d6ffentliche Bauten in Z\u00fcrich.<\/strong><\/p>\n<p>Vortrag: Mittwoch 25. April 2018 Kirchgemeindehaus Sumiswald<br \/>\nF\u00fchrung: Samstag 28. April 2018 in Z\u00fcrich<\/p>\n<p>&nbsp;<\/p>\n","protected":false},"excerpt":{"rendered":"<p>Architektur des 20. Jahrhunderts. \u00d6ffentliche Bauten in Z\u00fcrich. Vortrag: Mittwoch 25. April 2018 Kirchgemeindehaus Sumiswald F\u00fchrung: Samstag 28. April 2018 in Z\u00fcrich &nbsp;<\/p>\n","protected":false},"author":1,"featured_media":0,"comment_status":"closed","ping_status":"closed","template":"","meta":{"_price":"","_stock":"","_tribe_ticket_header":"","_tribe_default_ticket_provider":"","_tribe_ticket_capacity":"0","_ticket_start_date":"","_ticket_end_date":"","_tribe_ticket_show_description":"","_tribe_ticket_show_not_going":false,"_tribe_ticket_use_global_stock":"","_tribe_ticket_global_stock_level":"","_global_stock_mode":"","_global_stock_cap":"","_tribe_rsvp_for_event":"","_tribe_ticket_going_count":"","_tribe_ticket_not_going_count":"","_tribe_tickets_list":"[]","_tribe_ticket_has_attendee_info_fields":false,"_tribe_events_status":"","_tribe_events_status_reason":"","footnotes":"","_tec_slr_enabled":"","_tec_slr_layout":""},"tags":[],"tribe_events_cat":[],"class_list":["post-273","tribe_events","type-tribe_events","status-publish","hentry"],"ticketed":false,"_links":{"self":[{"href":"https:\/\/www.kulturei.ch\/index.php?rest_route=\/wp\/v2\/tribe_events\/273","targetHints":{"allow":["GET"]}}],"collection":[{"href":"https:\/\/www.kulturei.ch\/index.php?rest_route=\/wp\/v2\/tribe_events"}],"about":[{"href":"https:\/\/www.kulturei.ch\/index.php?rest_route=\/wp\/v2\/types\/tribe_events"}],"author":[{"embeddable":true,"href":"https:\/\/www.kulturei.ch\/index.php?rest_route=\/wp\/v2\/users\/1"}],"replies":[{"embeddable":true,"href":"https:\/\/www.kulturei.ch\/index.php?rest_route=%2Fwp%2Fv2%2Fcomments&post=273"}],"version-history":[{"count":2,"href":"https:\/\/www.kulturei.ch\/index.php?rest_route=\/wp\/v2\/tribe_events\/273\/revisions"}],"predecessor-version":[{"id":278,"href":"https:\/\/www.kulturei.ch\/index.php?rest_route=\/wp\/v2\/tribe_events\/273\/revisions\/278"}],"wp:attachment":[{"href":"https:\/\/www.kulturei.ch\/index.php?rest_route=%2Fwp%2Fv2%2Fmedia&parent=273"}],"wp:term":[{"taxonomy":"post_tag","embeddable":true,"href":"https:\/\/www.kulturei.ch\/index.php?rest_route=%2Fwp%2Fv2%2Ftags&post=273"},{"taxonomy":"tribe_events_cat","embeddable":true,"href":"https:\/\/www.kulturei.ch\/index.php?rest_route=%2Fwp%2Fv2%2Ftribe_events_cat&post=273"}],"curies":[{"name":"wp","href":"https:\/\/api.w.org\/{rel}","templated":true}]}}

<p>Architektur des 20. Jahrhunderts. <strong>Öffentliche Bauten in Zürich.</strong></p>
<p>Vortrag: Mittwoch 25. April 2018 Kirchgemeindehaus Sumiswald<br />
Führung: Samstag 28. April 2018 in Zürich</p>
<p>&nbsp;</p>

<p>Architektur des 20. Jahrhunderts. Öffentliche Bauten in Zürich. Vortrag: Mittwoch 25. April 2018 Kirchgemeindehaus Sumiswald Führung: Samstag 28. April 2018 in Zürich &nbsp;</p>
