{"id":266,"date":"2017-07-18T10:31:39","date_gmt":"2017-07-18T08:31:39","guid":{"rendered":"http:\/\/www.kulturei.ch\/?post_type=tribe_events&#038;p=266"},"modified":"2018-02-05T11:24:04","modified_gmt":"2018-02-05T10:24:04","slug":"jazz-matinee-klapparat","status":"publish","type":"tribe_events","link":"https:\/\/www.kulturei.ch\/?tribe_events=jazz-matinee-klapparat","title":{"rendered":"Jazz Matinee &#171;Klapparat&#187;"},"content":{"rendered":"<p><img loading=\"lazy\" decoding=\"async\" class=\"alignleft size-full wp-image-347\" src=\"https:\/\/www.kulturei.ch\/wp-content\/uploads\/2017\/07\/Klapparat.jpeg\" alt=\"\" width=\"320\" height=\"213\" srcset=\"https:\/\/www.kulturei.ch\/wp-content\/uploads\/2017\/07\/Klapparat.jpeg 320w, https:\/\/www.kulturei.ch\/wp-content\/uploads\/2017\/07\/Klapparat-300x200.jpeg 300w\" sizes=\"auto, (max-width: 320px) 100vw, 320px\" \/><strong>Die Band\u00a0<\/strong><br \/>\n5 Sax &amp; Drums = 10m Rohr + Trommel<br \/>\nDie Saxophonisten Daniel Zumofen, Matthias Wenger, Ivo Prato, Erwin Br\u00fcnisholz, Michel Duc und der Schlagzeuger Philippe Ducommun trafen sich im Juni 2011 zu einer\u00a0 ersten Probe. Schnell zeichnete sich eine konzentrierte, kreative Zusammenarbeit ab. Die Musiker der speziellen Band aus Bern, sind teils im Jazz und teils in der klassischen\u00a0 Musik verwurzelt. Vom Sopran Saxophon bis zum Tubax (neuartiges Kontrabass\u00a0 Saxophon) wird beinahe die ganze Instrumentenpalette gespielt. Diese ergibt eine\u00a0 gesamte Rohrl\u00e4nge von fast 10m. Allein das Tubax weist eine L\u00e4nge von ca. 4,5m auf.<\/p>\n<p><strong>Die Musik\u00a0<\/strong><br \/>\nMusikalisch bewegen sich die Musiker in dieser speziellen Band ausgehend vom Jazz in einer breiten Auswahl von Stilen. Anf\u00e4nglich umfasste die Musik vorwiegend Arrangements und Komponisten aus Kuba. Inzwischen pr\u00e4sentiert sich die Band mit eigenst\u00e4ndigem Repertoire, das gr\u00f6sstenteils aus Eigenkompositionen besteht. Mit einem abwechslungsreichen Repertoire, dem interaktiven Zusammenspiel und ihrem K\u00f6nnen begeistern die sechs Musiker das Publikum. Die lebendige Chemie zwischen den verschiedenen Charakteren, die Musik und die spezielle\u00a0 Instrumentenkonstellation machen diese bestechende Band einzigartig. In ihrer Musik ist\u00a0 viel Energie, Spielfreude und Humor, was dem Ganzen eine mitreissende Dringlichkeit und\u00a0 viel Frische verleiht &#8211; ein frischer Wind.<br \/>\n<em>&#171;Die finessenreichen Eigenkompositionen sind ein pfiffiger Mix von Jazz, klassischer Blasmusik, Latin und Strassenmusik \u2013 erweitert mit lebhaften Improvisationen.&#187; (kulturtipp, 2017)<\/em><\/p>\n<p><strong>Reservation<\/strong> via Mail <a href=\"mailto:info@kulturei.ch\">info@kulturei.ch<\/a> m\u00f6glich (Name, Adresse, Anzahl Eintritte angeben)<\/p>\n","protected":false},"excerpt":{"rendered":"<p>Die Band\u00a0 5 Sax &amp; Drums = 10m Rohr + Trommel Die Saxophonisten Daniel Zumofen, Matthias Wenger, Ivo Prato, Erwin Br\u00fcnisholz, Michel Duc und der Schlagzeuger Philippe Ducommun trafen sich im Juni 2011 zu einer\u00a0 ersten Probe. Schnell zeichnete sich &hellip; <a href=\"https:\/\/www.kulturei.ch\/?tribe_events=jazz-matinee-klapparat\">Weiterlesen <span class=\"meta-nav\">&rarr;<\/span><\/a><\/p>\n","protected":false},"author":1,"featured_media":0,"comment_status":"closed","ping_status":"closed","template":"","meta":{"_price":"","_stock":"","_tribe_ticket_header":"","_tribe_default_ticket_provider":"","_tribe_ticket_capacity":"0","_ticket_start_date":"","_ticket_end_date":"","_tribe_ticket_show_description":"","_tribe_ticket_show_not_going":false,"_tribe_ticket_use_global_stock":"","_tribe_ticket_global_stock_level":"","_global_stock_mode":"","_global_stock_cap":"","_tribe_rsvp_for_event":"","_tribe_ticket_going_count":"","_tribe_ticket_not_going_count":"","_tribe_tickets_list":"[]","_tribe_ticket_has_attendee_info_fields":false,"_tribe_events_status":"","_tribe_events_status_reason":"","footnotes":"","_tec_slr_enabled":"","_tec_slr_layout":""},"tags":[],"tribe_events_cat":[],"class_list":["post-266","tribe_events","type-tribe_events","status-publish","hentry"],"ticketed":false,"_links":{"self":[{"href":"https:\/\/www.kulturei.ch\/index.php?rest_route=\/wp\/v2\/tribe_events\/266","targetHints":{"allow":["GET"]}}],"collection":[{"href":"https:\/\/www.kulturei.ch\/index.php?rest_route=\/wp\/v2\/tribe_events"}],"about":[{"href":"https:\/\/www.kulturei.ch\/index.php?rest_route=\/wp\/v2\/types\/tribe_events"}],"author":[{"embeddable":true,"href":"https:\/\/www.kulturei.ch\/index.php?rest_route=\/wp\/v2\/users\/1"}],"replies":[{"embeddable":true,"href":"https:\/\/www.kulturei.ch\/index.php?rest_route=%2Fwp%2Fv2%2Fcomments&post=266"}],"version-history":[{"count":3,"href":"https:\/\/www.kulturei.ch\/index.php?rest_route=\/wp\/v2\/tribe_events\/266\/revisions"}],"predecessor-version":[{"id":349,"href":"https:\/\/www.kulturei.ch\/index.php?rest_route=\/wp\/v2\/tribe_events\/266\/revisions\/349"}],"wp:attachment":[{"href":"https:\/\/www.kulturei.ch\/index.php?rest_route=%2Fwp%2Fv2%2Fmedia&parent=266"}],"wp:term":[{"taxonomy":"post_tag","embeddable":true,"href":"https:\/\/www.kulturei.ch\/index.php?rest_route=%2Fwp%2Fv2%2Ftags&post=266"},{"taxonomy":"tribe_events_cat","embeddable":true,"href":"https:\/\/www.kulturei.ch\/index.php?rest_route=%2Fwp%2Fv2%2Ftribe_events_cat&post=266"}],"curies":[{"name":"wp","href":"https:\/\/api.w.org\/{rel}","templated":true}]}}

<p><img loading="lazy" decoding="async" class="alignleft size-full wp-image-347" src="https://www.kulturei.ch/wp-content/uploads/2017/07/Klapparat.jpeg" alt="" width="320" height="213" srcset="https://www.kulturei.ch/wp-content/uploads/2017/07/Klapparat.jpeg 320w, https://www.kulturei.ch/wp-content/uploads/2017/07/Klapparat-300x200.jpeg 300w" sizes="auto, (max-width: 320px) 100vw, 320px" /><strong>Die Band </strong><br />
5 Sax &amp; Drums = 10m Rohr + Trommel<br />
Die Saxophonisten Daniel Zumofen, Matthias Wenger, Ivo Prato, Erwin Brünisholz, Michel Duc und der Schlagzeuger Philippe Ducommun trafen sich im Juni 2011 zu einer  ersten Probe. Schnell zeichnete sich eine konzentrierte, kreative Zusammenarbeit ab. Die Musiker der speziellen Band aus Bern, sind teils im Jazz und teils in der klassischen  Musik verwurzelt. Vom Sopran Saxophon bis zum Tubax (neuartiges Kontrabass  Saxophon) wird beinahe die ganze Instrumentenpalette gespielt. Diese ergibt eine  gesamte Rohrlänge von fast 10m. Allein das Tubax weist eine Länge von ca. 4,5m auf.</p>
<p><strong>Die Musik </strong><br />
Musikalisch bewegen sich die Musiker in dieser speziellen Band ausgehend vom Jazz in einer breiten Auswahl von Stilen. Anfänglich umfasste die Musik vorwiegend Arrangements und Komponisten aus Kuba. Inzwischen präsentiert sich die Band mit eigenständigem Repertoire, das grösstenteils aus Eigenkompositionen besteht. Mit einem abwechslungsreichen Repertoire, dem interaktiven Zusammenspiel und ihrem Können begeistern die sechs Musiker das Publikum. Die lebendige Chemie zwischen den verschiedenen Charakteren, die Musik und die spezielle  Instrumentenkonstellation machen diese bestechende Band einzigartig. In ihrer Musik ist  viel Energie, Spielfreude und Humor, was dem Ganzen eine mitreissende Dringlichkeit und  viel Frische verleiht &#8211; ein frischer Wind.<br />
<em>&#171;Die finessenreichen Eigenkompositionen sind ein pfiffiger Mix von Jazz, klassischer Blasmusik, Latin und Strassenmusik – erweitert mit lebhaften Improvisationen.&#187; (kulturtipp, 2017)</em></p>
<p><strong>Reservation</strong> via Mail <a href="mailto:info@kulturei.ch">info@kulturei.ch</a> möglich (Name, Adresse, Anzahl Eintritte angeben)</p>

<p>Die Band  5 Sax &amp; Drums = 10m Rohr + Trommel Die Saxophonisten Daniel Zumofen, Matthias Wenger, Ivo Prato, Erwin Brünisholz, Michel Duc und der Schlagzeuger Philippe Ducommun trafen sich im Juni 2011 zu einer  ersten Probe. Schnell zeichnete sich &hellip; <a href="https://www.kulturei.ch/?tribe_events=jazz-matinee-klapparat">Weiterlesen <span class="meta-nav">&rarr;</span></a></p>
