{"id":256,"date":"2017-07-18T10:23:19","date_gmt":"2017-07-18T08:23:19","guid":{"rendered":"http:\/\/www.kulturei.ch\/?post_type=tribe_events&#038;p=256"},"modified":"2017-09-20T09:57:01","modified_gmt":"2017-09-20T07:57:01","slug":"tinu-heiniger","status":"publish","type":"tribe_events","link":"https:\/\/www.kulturei.ch\/?tribe_events=tinu-heiniger","title":{"rendered":"Heiniger Abend mit Tschan"},"content":{"rendered":"<p><img loading=\"lazy\" decoding=\"async\" class=\"alignleft size-large wp-image-281\" src=\"https:\/\/www.kulturei.ch\/wp-content\/uploads\/2017\/07\/Tinu_Heiniger_Gerhard_Tschan_Foto_Christoph_Hoign\u00e9_3874_hoi-1024x683.jpg\" alt=\"\" width=\"640\" height=\"427\" srcset=\"https:\/\/www.kulturei.ch\/wp-content\/uploads\/2017\/07\/Tinu_Heiniger_Gerhard_Tschan_Foto_Christoph_Hoign\u00e9_3874_hoi-1024x683.jpg 1024w, https:\/\/www.kulturei.ch\/wp-content\/uploads\/2017\/07\/Tinu_Heiniger_Gerhard_Tschan_Foto_Christoph_Hoign\u00e9_3874_hoi-300x200.jpg 300w, https:\/\/www.kulturei.ch\/wp-content\/uploads\/2017\/07\/Tinu_Heiniger_Gerhard_Tschan_Foto_Christoph_Hoign\u00e9_3874_hoi-768x513.jpg 768w\" sizes=\"auto, (max-width: 640px) 100vw, 640px\" \/><\/p>\n<p>Tinu Heiniger und Gerhard Tschan feiern Advent<\/p>\n<p>Wer Tinu Heiniger kennt, der kennt auch seinen \u201eHeiniger Abend\u201c. Nun taucht Gerhard Tschan (vom Duo Schertenlaib+Jegerlehner)bei ihm auf, und das heiter-besinnliche Adventsprogramm hebt ab in eine neue Dimension.<\/p>\n<p>S\u00e4nger Heiniger und Entertainer Tschan haben ihre Wurzeln im Emmental. Bereits als Schulbuben wurden sie von ihrem Hausarzt mit Gotthelf geimpft, sind aber l\u00e4ngst auch Ehrenmitglieder im Fanclub von Pfarrerssohn Fritz D\u00fcrrenmatt aus Konolfingen.<\/p>\n<p>An diesem \u201eHeiniger Abend\u201c wird gross angegeben und klein beigegeben, kr\u00e4ftig ausgeteilt und fies beleidigt, peinlich ger\u00fchmt und unfl\u00e4tig geschumpfen. Aber es wird auch immer wieder sehr sch\u00f6n gesungen, und flott Gitarre, Klarinette und Handorgel gespielt.<br \/>\nUnd manchmal raufen sich diese zwei alten Schnuderbuben sogar zum Duett zusammen, u de mou, de potz Heilanddonner, de m\u00e4ihts de aber breit!<\/p>\n<p>Die Gefahr besteht, dass Heiniger und Tschan sentimental, r\u00fchrselig oder gar schwerm\u00fctig werden, aber das merken die dann schon selber, und hantli laden sie das vor sich hinstinkende, bluemete Tr\u00f6gli auf die Mistb\u00e4nne und lassen diese mit der ganzen Gf\u00fcehlsbsch\u00fctti ds Bort \u00fcberuus.<\/p>\n<p>Sollte der Tschan dann etwa noch ins Predigen kommen und der Heiniger mit der Gemeinde singen wollen, dann allerdings gibt es an diesem Adventsabend kein Halten mehr: Nein, dann tropfen die Kerzen und es glitzern die Kugeln und es funkeln die Sterne und es schluchzen die Engel und es rauchet der Grossvater und es gr\u00e4nnet die Grossmutter und es scheinet und strahlet und brennet und stinket das B\u00f6imli auf dem Tabourettli vor sich hin.<\/p>\n<p>Heiniger singt, spielt Gitarre und Klarinette, Tschan singt auch, spielt Akkordeon und macht auf Mimik.<\/p>\n<p>Eintritt CHF 25.&#8211; (Sch\u00fclerInnen gratis)<\/p>\n<p><strong>Reservationen:<\/strong><br \/>\nReservationen sind m\u00f6glich via Mail<a href=\"mailto:info@kulturei.ch\">\u00a0info@kulturei.ch<\/a>\u00a0(Bitte Name, Adresse und Anzahl Tickets angeben). Sitzpl\u00e4tze werden nicht nummeriert. \u201eDr Ender isch dr Gschwinder\u201c.\u00a0Je nach Anzahl Reservationen wird es eine Abendkasse geben.<\/p>\n","protected":false},"excerpt":{"rendered":"<p>Tinu Heiniger und Gerhard Tschan feiern Advent Wer Tinu Heiniger kennt, der kennt auch seinen \u201eHeiniger Abend\u201c. Nun taucht Gerhard Tschan (vom Duo Schertenlaib+Jegerlehner)bei ihm auf, und das heiter-besinnliche Adventsprogramm hebt ab in eine neue Dimension. S\u00e4nger Heiniger und Entertainer &hellip; <a href=\"https:\/\/www.kulturei.ch\/?tribe_events=tinu-heiniger\">Weiterlesen <span class=\"meta-nav\">&rarr;<\/span><\/a><\/p>\n","protected":false},"author":1,"featured_media":0,"comment_status":"closed","ping_status":"closed","template":"","meta":{"_price":"","_stock":"","_tribe_ticket_header":"","_tribe_default_ticket_provider":"","_tribe_ticket_capacity":"0","_ticket_start_date":"","_ticket_end_date":"","_tribe_ticket_show_description":"","_tribe_ticket_show_not_going":false,"_tribe_ticket_use_global_stock":"","_tribe_ticket_global_stock_level":"","_global_stock_mode":"","_global_stock_cap":"","_tribe_rsvp_for_event":"","_tribe_ticket_going_count":"","_tribe_ticket_not_going_count":"","_tribe_tickets_list":"[]","_tribe_ticket_has_attendee_info_fields":false,"_tribe_events_status":"","_tribe_events_status_reason":"","footnotes":"","_tec_slr_enabled":"","_tec_slr_layout":""},"tags":[],"tribe_events_cat":[],"class_list":["post-256","tribe_events","type-tribe_events","status-publish","hentry"],"ticketed":false,"_links":{"self":[{"href":"https:\/\/www.kulturei.ch\/index.php?rest_route=\/wp\/v2\/tribe_events\/256","targetHints":{"allow":["GET"]}}],"collection":[{"href":"https:\/\/www.kulturei.ch\/index.php?rest_route=\/wp\/v2\/tribe_events"}],"about":[{"href":"https:\/\/www.kulturei.ch\/index.php?rest_route=\/wp\/v2\/types\/tribe_events"}],"author":[{"embeddable":true,"href":"https:\/\/www.kulturei.ch\/index.php?rest_route=\/wp\/v2\/users\/1"}],"replies":[{"embeddable":true,"href":"https:\/\/www.kulturei.ch\/index.php?rest_route=%2Fwp%2Fv2%2Fcomments&post=256"}],"version-history":[{"count":5,"href":"https:\/\/www.kulturei.ch\/index.php?rest_route=\/wp\/v2\/tribe_events\/256\/revisions"}],"predecessor-version":[{"id":301,"href":"https:\/\/www.kulturei.ch\/index.php?rest_route=\/wp\/v2\/tribe_events\/256\/revisions\/301"}],"wp:attachment":[{"href":"https:\/\/www.kulturei.ch\/index.php?rest_route=%2Fwp%2Fv2%2Fmedia&parent=256"}],"wp:term":[{"taxonomy":"post_tag","embeddable":true,"href":"https:\/\/www.kulturei.ch\/index.php?rest_route=%2Fwp%2Fv2%2Ftags&post=256"},{"taxonomy":"tribe_events_cat","embeddable":true,"href":"https:\/\/www.kulturei.ch\/index.php?rest_route=%2Fwp%2Fv2%2Ftribe_events_cat&post=256"}],"curies":[{"name":"wp","href":"https:\/\/api.w.org\/{rel}","templated":true}]}}

<p><img loading="lazy" decoding="async" class="alignleft size-large wp-image-281" src="https://www.kulturei.ch/wp-content/uploads/2017/07/Tinu_Heiniger_Gerhard_Tschan_Foto_Christoph_Hoigné_3874_hoi-1024x683.jpg" alt="" width="640" height="427" srcset="https://www.kulturei.ch/wp-content/uploads/2017/07/Tinu_Heiniger_Gerhard_Tschan_Foto_Christoph_Hoigné_3874_hoi-1024x683.jpg 1024w, https://www.kulturei.ch/wp-content/uploads/2017/07/Tinu_Heiniger_Gerhard_Tschan_Foto_Christoph_Hoigné_3874_hoi-300x200.jpg 300w, https://www.kulturei.ch/wp-content/uploads/2017/07/Tinu_Heiniger_Gerhard_Tschan_Foto_Christoph_Hoigné_3874_hoi-768x513.jpg 768w" sizes="auto, (max-width: 640px) 100vw, 640px" /></p>
<p>Tinu Heiniger und Gerhard Tschan feiern Advent</p>
<p>Wer Tinu Heiniger kennt, der kennt auch seinen „Heiniger Abend“. Nun taucht Gerhard Tschan (vom Duo Schertenlaib+Jegerlehner)bei ihm auf, und das heiter-besinnliche Adventsprogramm hebt ab in eine neue Dimension.</p>
<p>Sänger Heiniger und Entertainer Tschan haben ihre Wurzeln im Emmental. Bereits als Schulbuben wurden sie von ihrem Hausarzt mit Gotthelf geimpft, sind aber längst auch Ehrenmitglieder im Fanclub von Pfarrerssohn Fritz Dürrenmatt aus Konolfingen.</p>
<p>An diesem „Heiniger Abend“ wird gross angegeben und klein beigegeben, kräftig ausgeteilt und fies beleidigt, peinlich gerühmt und unflätig geschumpfen. Aber es wird auch immer wieder sehr schön gesungen, und flott Gitarre, Klarinette und Handorgel gespielt.<br />
Und manchmal raufen sich diese zwei alten Schnuderbuben sogar zum Duett zusammen, u de mou, de potz Heilanddonner, de mäihts de aber breit!</p>
<p>Die Gefahr besteht, dass Heiniger und Tschan sentimental, rührselig oder gar schwermütig werden, aber das merken die dann schon selber, und hantli laden sie das vor sich hinstinkende, bluemete Trögli auf die Mistbänne und lassen diese mit der ganzen Gfüehlsbschütti ds Bort überuus.</p>
<p>Sollte der Tschan dann etwa noch ins Predigen kommen und der Heiniger mit der Gemeinde singen wollen, dann allerdings gibt es an diesem Adventsabend kein Halten mehr: Nein, dann tropfen die Kerzen und es glitzern die Kugeln und es funkeln die Sterne und es schluchzen die Engel und es rauchet der Grossvater und es grännet die Grossmutter und es scheinet und strahlet und brennet und stinket das Böimli auf dem Tabourettli vor sich hin.</p>
<p>Heiniger singt, spielt Gitarre und Klarinette, Tschan singt auch, spielt Akkordeon und macht auf Mimik.</p>
<p>Eintritt CHF 25.&#8211; (SchülerInnen gratis)</p>
<p><strong>Reservationen:</strong><br />
Reservationen sind möglich via Mail<a href="mailto:info@kulturei.ch"> info@kulturei.ch</a> (Bitte Name, Adresse und Anzahl Tickets angeben). Sitzplätze werden nicht nummeriert. „Dr Ender isch dr Gschwinder“. Je nach Anzahl Reservationen wird es eine Abendkasse geben.</p>

<p>Tinu Heiniger und Gerhard Tschan feiern Advent Wer Tinu Heiniger kennt, der kennt auch seinen „Heiniger Abend“. Nun taucht Gerhard Tschan (vom Duo Schertenlaib+Jegerlehner)bei ihm auf, und das heiter-besinnliche Adventsprogramm hebt ab in eine neue Dimension. Sänger Heiniger und Entertainer &hellip; <a href="https://www.kulturei.ch/?tribe_events=tinu-heiniger">Weiterlesen <span class="meta-nav">&rarr;</span></a></p>
