{"id":1861,"date":"2026-06-10T11:47:19","date_gmt":"2026-06-10T09:47:19","guid":{"rendered":"https:\/\/www.kulturei.ch\/?post_type=tribe_events&#038;p=1861"},"modified":"2026-06-10T12:11:00","modified_gmt":"2026-06-10T10:11:00","slug":"pesche-heiniger-drus-u-daenne","status":"publish","type":"tribe_events","link":"https:\/\/www.kulturei.ch\/?tribe_events=pesche-heiniger-drus-u-daenne","title":{"rendered":"Pesche Heiniger &#8211; drus u d\u00e4nne"},"content":{"rendered":"<p><img loading=\"lazy\" decoding=\"async\" class=\"alignleft wp-image-1866 size-large\" src=\"https:\/\/www.kulturei.ch\/wp-content\/uploads\/2026\/06\/PESCHEheiniger_1-1024x722.jpg\" alt=\"\" width=\"640\" height=\"451\" srcset=\"https:\/\/www.kulturei.ch\/wp-content\/uploads\/2026\/06\/PESCHEheiniger_1-1024x722.jpg 1024w, https:\/\/www.kulturei.ch\/wp-content\/uploads\/2026\/06\/PESCHEheiniger_1-300x211.jpg 300w, https:\/\/www.kulturei.ch\/wp-content\/uploads\/2026\/06\/PESCHEheiniger_1-768x541.jpg 768w, https:\/\/www.kulturei.ch\/wp-content\/uploads\/2026\/06\/PESCHEheiniger_1-1536x1083.jpg 1536w, https:\/\/www.kulturei.ch\/wp-content\/uploads\/2026\/06\/PESCHEheiniger_1-2048x1444.jpg 2048w\" sizes=\"auto, (max-width: 640px) 100vw, 640px\" \/><\/p>\n<p>&nbsp;<\/p>\n<p>&nbsp;<\/p>\n<p>&nbsp;<\/p>\n<p>&nbsp;<\/p>\n<p>&nbsp;<\/p>\n<p>&nbsp;<\/p>\n<p>&nbsp;<\/p>\n<p>&nbsp;<\/p>\n<p>&nbsp;<\/p>\n<p>&nbsp;<\/p>\n<p>&nbsp;<\/p>\n<p><strong>&#171;drus u d\u00e4nne&#187;<\/strong><br \/>\nDa zieht es einen gewaltig in die grosse, weite Welt. Aber wie geht Weggehen, wenn man festgewachsen ist?<br \/>\nMit \u00abdrus u d\u00e4nne\u00bb pr\u00e4sentiert Pesche Heiniger sein erstes abendf\u00fcllendes Soloprogramm. Eine Hommage ans Fernweh und eine Liebeserkl\u00e4rung ans Zuhausebleiben.<br \/>\nEine abwechslungsreiche Reise aus Spoken Word, Slam Poetry und Songs. Unterhaltsam, \u00fcberraschend und ganz sicher gut f\u00fcrs Gem\u00fct.<\/p>\n<p><strong>T\u00fcr\u00f6ffnung:<\/strong>\u00a019.45 Uhr<br \/>\n<strong>Programmstart:<\/strong>\u00a020.15 Uhr<br \/>\n<strong>Eintritt:<\/strong> frei &#8211; Kollekte<\/p>\n","protected":false},"excerpt":{"rendered":"<p>&nbsp; &nbsp; &nbsp; &nbsp; &nbsp; &nbsp; &nbsp; &nbsp; &nbsp; &nbsp; &nbsp; &#171;drus u d\u00e4nne&#187; Da zieht es einen gewaltig in die grosse, weite Welt. Aber wie geht Weggehen, wenn man festgewachsen ist? Mit \u00abdrus u d\u00e4nne\u00bb pr\u00e4sentiert Pesche Heiniger sein &hellip; <a href=\"https:\/\/www.kulturei.ch\/?tribe_events=pesche-heiniger-drus-u-daenne\">Weiterlesen <span class=\"meta-nav\">&rarr;<\/span><\/a><\/p>\n","protected":false},"author":1,"featured_media":0,"comment_status":"closed","ping_status":"closed","template":"","meta":{"_price":"","_stock":"","_tribe_ticket_header":"","_tribe_default_ticket_provider":"","_tribe_ticket_capacity":"0","_ticket_start_date":"","_ticket_end_date":"","_tribe_ticket_show_description":"","_tribe_ticket_show_not_going":false,"_tribe_ticket_use_global_stock":"","_tribe_ticket_global_stock_level":"","_global_stock_mode":"","_global_stock_cap":"","_tribe_rsvp_for_event":"","_tribe_ticket_going_count":"","_tribe_ticket_not_going_count":"","_tribe_tickets_list":"[]","_tribe_ticket_has_attendee_info_fields":false,"_tribe_events_status":"","_tribe_events_status_reason":"","footnotes":"","_tec_slr_enabled":"","_tec_slr_layout":""},"tags":[],"tribe_events_cat":[],"class_list":["post-1861","tribe_events","type-tribe_events","status-publish","hentry"],"ticketed":["rsvp"],"_links":{"self":[{"href":"https:\/\/www.kulturei.ch\/index.php?rest_route=\/wp\/v2\/tribe_events\/1861","targetHints":{"allow":["GET"]}}],"collection":[{"href":"https:\/\/www.kulturei.ch\/index.php?rest_route=\/wp\/v2\/tribe_events"}],"about":[{"href":"https:\/\/www.kulturei.ch\/index.php?rest_route=\/wp\/v2\/types\/tribe_events"}],"author":[{"embeddable":true,"href":"https:\/\/www.kulturei.ch\/index.php?rest_route=\/wp\/v2\/users\/1"}],"replies":[{"embeddable":true,"href":"https:\/\/www.kulturei.ch\/index.php?rest_route=%2Fwp%2Fv2%2Fcomments&post=1861"}],"version-history":[{"count":7,"href":"https:\/\/www.kulturei.ch\/index.php?rest_route=\/wp\/v2\/tribe_events\/1861\/revisions"}],"predecessor-version":[{"id":1883,"href":"https:\/\/www.kulturei.ch\/index.php?rest_route=\/wp\/v2\/tribe_events\/1861\/revisions\/1883"}],"wp:attachment":[{"href":"https:\/\/www.kulturei.ch\/index.php?rest_route=%2Fwp%2Fv2%2Fmedia&parent=1861"}],"wp:term":[{"taxonomy":"post_tag","embeddable":true,"href":"https:\/\/www.kulturei.ch\/index.php?rest_route=%2Fwp%2Fv2%2Ftags&post=1861"},{"taxonomy":"tribe_events_cat","embeddable":true,"href":"https:\/\/www.kulturei.ch\/index.php?rest_route=%2Fwp%2Fv2%2Ftribe_events_cat&post=1861"}],"curies":[{"name":"wp","href":"https:\/\/api.w.org\/{rel}","templated":true}]}}

Pesche Heiniger &#8211; drus u dänne

<p><img loading="lazy" decoding="async" class="alignleft wp-image-1866 size-large" src="https://www.kulturei.ch/wp-content/uploads/2026/06/PESCHEheiniger_1-1024x722.jpg" alt="" width="640" height="451" srcset="https://www.kulturei.ch/wp-content/uploads/2026/06/PESCHEheiniger_1-1024x722.jpg 1024w, https://www.kulturei.ch/wp-content/uploads/2026/06/PESCHEheiniger_1-300x211.jpg 300w, https://www.kulturei.ch/wp-content/uploads/2026/06/PESCHEheiniger_1-768x541.jpg 768w, https://www.kulturei.ch/wp-content/uploads/2026/06/PESCHEheiniger_1-1536x1083.jpg 1536w, https://www.kulturei.ch/wp-content/uploads/2026/06/PESCHEheiniger_1-2048x1444.jpg 2048w" sizes="auto, (max-width: 640px) 100vw, 640px" /></p>
<p>&nbsp;</p>
<p>&nbsp;</p>
<p>&nbsp;</p>
<p>&nbsp;</p>
<p>&nbsp;</p>
<p>&nbsp;</p>
<p>&nbsp;</p>
<p>&nbsp;</p>
<p>&nbsp;</p>
<p>&nbsp;</p>
<p>&nbsp;</p>
<p><strong>&#171;drus u dänne&#187;</strong><br />
Da zieht es einen gewaltig in die grosse, weite Welt. Aber wie geht Weggehen, wenn man festgewachsen ist?<br />
Mit «drus u dänne» präsentiert Pesche Heiniger sein erstes abendfüllendes Soloprogramm. Eine Hommage ans Fernweh und eine Liebeserklärung ans Zuhausebleiben.<br />
Eine abwechslungsreiche Reise aus Spoken Word, Slam Poetry und Songs. Unterhaltsam, überraschend und ganz sicher gut fürs Gemüt.</p>
<p><strong>Türöffnung:</strong> 19.45 Uhr<br />
<strong>Programmstart:</strong> 20.15 Uhr<br />
<strong>Eintritt:</strong> frei &#8211; Kollekte</p>

<p>&nbsp; &nbsp; &nbsp; &nbsp; &nbsp; &nbsp; &nbsp; &nbsp; &nbsp; &nbsp; &nbsp; &#171;drus u dänne&#187; Da zieht es einen gewaltig in die grosse, weite Welt. Aber wie geht Weggehen, wenn man festgewachsen ist? Mit «drus u dänne» präsentiert Pesche Heiniger sein &hellip; <a href="https://www.kulturei.ch/?tribe_events=pesche-heiniger-drus-u-daenne">Weiterlesen <span class="meta-nav">&rarr;</span></a></p>
