{"id":1751,"date":"2025-10-10T15:07:36","date_gmt":"2025-10-10T13:07:36","guid":{"rendered":"https:\/\/www.kulturei.ch\/?post_type=tribe_events&#038;p=1751"},"modified":"2025-10-10T15:07:36","modified_gmt":"2025-10-10T13:07:36","slug":"architekturfuehrung-mit-dieter-schnell-solothurn","status":"publish","type":"tribe_events","link":"https:\/\/www.kulturei.ch\/?tribe_events=architekturfuehrung-mit-dieter-schnell-solothurn","title":{"rendered":"Architekturf\u00fchrung mit Dieter Schnell &#8211; Solothurn"},"content":{"rendered":"<p>Solothurn hat sich seit ein paar Jahren mit Literatur- und Filmtagen das Image der charmanten Provinzstadt geben k\u00f6nnen, was die Architektur sowohl die historische als auch die neuere best\u00e4tigt. Bloss in den 1960er und 1970er Jahren ist die Architektur der sogenannten \u00abSolothurner Schule\u00bb mit Haller, F\u00fcegg, Barth, Zaugg und Schlup \u00fcber die Region hinaus bekannt geworden. Die bekannten USM-Haller-M\u00f6bel stehen f\u00fcr diese Architekturauffassung.<\/p>\n<p>F\u00fchrung zu Fuss: ca. 4 km in ca. 4 Stunden, Mittagessen und Bahnreise auf eigene Kosten<\/p>\n<p><strong>Details zur F\u00fchrung werden am <a href=\"https:\/\/www.kulturei.ch\/?tribe_events=architekturvortrag-mit-dieter-schnell-solothurn\">Vortrag am 21.Mai<\/a> bekannt gegeben.<\/strong><\/p>\n","protected":false},"excerpt":{"rendered":"<p>Solothurn hat sich seit ein paar Jahren mit Literatur- und Filmtagen das Image der charmanten Provinzstadt geben k\u00f6nnen, was die Architektur sowohl die historische als auch die neuere best\u00e4tigt. Bloss in den 1960er und 1970er Jahren ist die Architektur der &hellip; <a href=\"https:\/\/www.kulturei.ch\/?tribe_events=architekturfuehrung-mit-dieter-schnell-solothurn\">Weiterlesen <span class=\"meta-nav\">&rarr;<\/span><\/a><\/p>\n","protected":false},"author":1,"featured_media":1749,"comment_status":"closed","ping_status":"closed","template":"","meta":{"_price":"","_stock":"","_tribe_ticket_header":"","_tribe_default_ticket_provider":"","_tribe_ticket_capacity":"0","_ticket_start_date":"","_ticket_end_date":"","_tribe_ticket_show_description":"","_tribe_ticket_show_not_going":false,"_tribe_ticket_use_global_stock":"","_tribe_ticket_global_stock_level":"","_global_stock_mode":"","_global_stock_cap":"","_tribe_rsvp_for_event":"","_tribe_ticket_going_count":"","_tribe_ticket_not_going_count":"","_tribe_tickets_list":"[]","_tribe_ticket_has_attendee_info_fields":false,"_tribe_events_status":"","_tribe_events_status_reason":"","footnotes":"","_tec_slr_enabled":"","_tec_slr_layout":""},"tags":[],"tribe_events_cat":[],"class_list":["post-1751","tribe_events","type-tribe_events","status-publish","has-post-thumbnail","hentry"],"ticketed":false,"_links":{"self":[{"href":"https:\/\/www.kulturei.ch\/index.php?rest_route=\/wp\/v2\/tribe_events\/1751","targetHints":{"allow":["GET"]}}],"collection":[{"href":"https:\/\/www.kulturei.ch\/index.php?rest_route=\/wp\/v2\/tribe_events"}],"about":[{"href":"https:\/\/www.kulturei.ch\/index.php?rest_route=\/wp\/v2\/types\/tribe_events"}],"author":[{"embeddable":true,"href":"https:\/\/www.kulturei.ch\/index.php?rest_route=\/wp\/v2\/users\/1"}],"replies":[{"embeddable":true,"href":"https:\/\/www.kulturei.ch\/index.php?rest_route=%2Fwp%2Fv2%2Fcomments&post=1751"}],"version-history":[{"count":1,"href":"https:\/\/www.kulturei.ch\/index.php?rest_route=\/wp\/v2\/tribe_events\/1751\/revisions"}],"predecessor-version":[{"id":1752,"href":"https:\/\/www.kulturei.ch\/index.php?rest_route=\/wp\/v2\/tribe_events\/1751\/revisions\/1752"}],"wp:featuredmedia":[{"embeddable":true,"href":"https:\/\/www.kulturei.ch\/index.php?rest_route=\/wp\/v2\/media\/1749"}],"wp:attachment":[{"href":"https:\/\/www.kulturei.ch\/index.php?rest_route=%2Fwp%2Fv2%2Fmedia&parent=1751"}],"wp:term":[{"taxonomy":"post_tag","embeddable":true,"href":"https:\/\/www.kulturei.ch\/index.php?rest_route=%2Fwp%2Fv2%2Ftags&post=1751"},{"taxonomy":"tribe_events_cat","embeddable":true,"href":"https:\/\/www.kulturei.ch\/index.php?rest_route=%2Fwp%2Fv2%2Ftribe_events_cat&post=1751"}],"curies":[{"name":"wp","href":"https:\/\/api.w.org\/{rel}","templated":true}]}}

Architekturführung mit Dieter Schnell &#8211; Solothurn

<p>Solothurn hat sich seit ein paar Jahren mit Literatur- und Filmtagen das Image der charmanten Provinzstadt geben können, was die Architektur sowohl die historische als auch die neuere bestätigt. Bloss in den 1960er und 1970er Jahren ist die Architektur der sogenannten «Solothurner Schule» mit Haller, Füegg, Barth, Zaugg und Schlup über die Region hinaus bekannt geworden. Die bekannten USM-Haller-Möbel stehen für diese Architekturauffassung.</p>
<p>Führung zu Fuss: ca. 4 km in ca. 4 Stunden, Mittagessen und Bahnreise auf eigene Kosten</p>
<p><strong>Details zur Führung werden am <a href="https://www.kulturei.ch/?tribe_events=architekturvortrag-mit-dieter-schnell-solothurn">Vortrag am 21.Mai</a> bekannt gegeben.</strong></p>

<p>Solothurn hat sich seit ein paar Jahren mit Literatur- und Filmtagen das Image der charmanten Provinzstadt geben können, was die Architektur sowohl die historische als auch die neuere bestätigt. Bloss in den 1960er und 1970er Jahren ist die Architektur der &hellip; <a href="https://www.kulturei.ch/?tribe_events=architekturfuehrung-mit-dieter-schnell-solothurn">Weiterlesen <span class="meta-nav">&rarr;</span></a></p>
