{"id":1742,"date":"2025-10-10T14:50:57","date_gmt":"2025-10-10T12:50:57","guid":{"rendered":"https:\/\/www.kulturei.ch\/?post_type=tribe_events&#038;p=1742"},"modified":"2025-10-11T12:08:09","modified_gmt":"2025-10-11T10:08:09","slug":"trio-sorelle-land-like","status":"publish","type":"tribe_events","link":"https:\/\/www.kulturei.ch\/?tribe_events=trio-sorelle-land-like","title":{"rendered":"Trio Sorelle &#8211; Land &#038; Likes"},"content":{"rendered":"<p>Pachom will mehr: mehr Land, mehr Gl\u00fcck, mehr alles. Ein Streamer verspricht ihm Ruhm und Reichweite \u2013 und ein Deal, der zu gut klingt, um wahr zu sein. Pachom l\u00e4uft, l\u00e4uft, l\u00e4uft \u2026 und l\u00e4uft sich ins Grab.<br \/>\nEine Geschichte \u00fcber Gier, Likes und die Frage: Wie viel brauchen wir wirklich \u2013 und warum ist \u201egenug\u201c so schwer?<\/p>\n<p><strong>Rebekka Halter<\/strong>, Oboe<br \/>\n<strong>Brigitte Halter<\/strong>, Waldhorn<br \/>\n<strong>Silvia Halter<\/strong>, Violoncello<\/p>\n<p><strong>Eintritt<\/strong>: 25.-<br \/>\n<strong>Mitglieder Kulturei<\/strong>: Erm\u00e4ssigung Fr. 5.-<br \/>\nSch\u00fcler\/innen: gratis<br \/>\n<strong>Abendkasse<\/strong>: ab 19.00 Uhr \/ <strong>Konzertbeginn<\/strong>: 19.30 Uhr<\/p>\n","protected":false},"excerpt":{"rendered":"<p>Pachom will mehr: mehr Land, mehr Gl\u00fcck, mehr alles. Ein Streamer verspricht ihm Ruhm und Reichweite \u2013 und ein Deal, der zu gut klingt, um wahr zu sein. Pachom l\u00e4uft, l\u00e4uft, l\u00e4uft \u2026 und l\u00e4uft sich ins Grab. Eine Geschichte &hellip; <a href=\"https:\/\/www.kulturei.ch\/?tribe_events=trio-sorelle-land-like\">Weiterlesen <span class=\"meta-nav\">&rarr;<\/span><\/a><\/p>\n","protected":false},"author":1,"featured_media":1743,"comment_status":"closed","ping_status":"closed","template":"","meta":{"_price":"","_stock":"","_tribe_ticket_header":"","_tribe_default_ticket_provider":"","_tribe_ticket_capacity":"0","_ticket_start_date":"","_ticket_end_date":"","_tribe_ticket_show_description":"","_tribe_ticket_show_not_going":false,"_tribe_ticket_use_global_stock":"","_tribe_ticket_global_stock_level":"","_global_stock_mode":"","_global_stock_cap":"","_tribe_rsvp_for_event":"","_tribe_ticket_going_count":"","_tribe_ticket_not_going_count":"","_tribe_tickets_list":"[]","_tribe_ticket_has_attendee_info_fields":false,"_tribe_events_status":"","_tribe_events_status_reason":"","footnotes":"","_tec_slr_enabled":"","_tec_slr_layout":""},"tags":[],"tribe_events_cat":[],"class_list":["post-1742","tribe_events","type-tribe_events","status-publish","has-post-thumbnail","hentry"],"ticketed":["rsvp"],"_links":{"self":[{"href":"https:\/\/www.kulturei.ch\/index.php?rest_route=\/wp\/v2\/tribe_events\/1742","targetHints":{"allow":["GET"]}}],"collection":[{"href":"https:\/\/www.kulturei.ch\/index.php?rest_route=\/wp\/v2\/tribe_events"}],"about":[{"href":"https:\/\/www.kulturei.ch\/index.php?rest_route=\/wp\/v2\/types\/tribe_events"}],"author":[{"embeddable":true,"href":"https:\/\/www.kulturei.ch\/index.php?rest_route=\/wp\/v2\/users\/1"}],"replies":[{"embeddable":true,"href":"https:\/\/www.kulturei.ch\/index.php?rest_route=%2Fwp%2Fv2%2Fcomments&post=1742"}],"version-history":[{"count":2,"href":"https:\/\/www.kulturei.ch\/index.php?rest_route=\/wp\/v2\/tribe_events\/1742\/revisions"}],"predecessor-version":[{"id":1755,"href":"https:\/\/www.kulturei.ch\/index.php?rest_route=\/wp\/v2\/tribe_events\/1742\/revisions\/1755"}],"wp:featuredmedia":[{"embeddable":true,"href":"https:\/\/www.kulturei.ch\/index.php?rest_route=\/wp\/v2\/media\/1743"}],"wp:attachment":[{"href":"https:\/\/www.kulturei.ch\/index.php?rest_route=%2Fwp%2Fv2%2Fmedia&parent=1742"}],"wp:term":[{"taxonomy":"post_tag","embeddable":true,"href":"https:\/\/www.kulturei.ch\/index.php?rest_route=%2Fwp%2Fv2%2Ftags&post=1742"},{"taxonomy":"tribe_events_cat","embeddable":true,"href":"https:\/\/www.kulturei.ch\/index.php?rest_route=%2Fwp%2Fv2%2Ftribe_events_cat&post=1742"}],"curies":[{"name":"wp","href":"https:\/\/api.w.org\/{rel}","templated":true}]}}

<p>Pachom will mehr: mehr Land, mehr Glück, mehr alles. Ein Streamer verspricht ihm Ruhm und Reichweite – und ein Deal, der zu gut klingt, um wahr zu sein. Pachom läuft, läuft, läuft … und läuft sich ins Grab.<br />
Eine Geschichte über Gier, Likes und die Frage: Wie viel brauchen wir wirklich – und warum ist „genug“ so schwer?</p>
<p><strong>Rebekka Halter</strong>, Oboe<br />
<strong>Brigitte Halter</strong>, Waldhorn<br />
<strong>Silvia Halter</strong>, Violoncello</p>
<p><strong>Eintritt</strong>: 25.-<br />
<strong>Mitglieder Kulturei</strong>: Ermässigung Fr. 5.-<br />
Schüler/innen: gratis<br />
<strong>Abendkasse</strong>: ab 19.00 Uhr / <strong>Konzertbeginn</strong>: 19.30 Uhr</p>

<p>Pachom will mehr: mehr Land, mehr Glück, mehr alles. Ein Streamer verspricht ihm Ruhm und Reichweite – und ein Deal, der zu gut klingt, um wahr zu sein. Pachom läuft, läuft, läuft … und läuft sich ins Grab. Eine Geschichte &hellip; <a href="https://www.kulturei.ch/?tribe_events=trio-sorelle-land-like">Weiterlesen <span class="meta-nav">&rarr;</span></a></p>
