{"id":1738,"date":"2025-10-10T14:42:53","date_gmt":"2025-10-10T12:42:53","guid":{"rendered":"https:\/\/www.kulturei.ch\/?post_type=tribe_events&#038;p=1738"},"modified":"2025-10-10T14:45:48","modified_gmt":"2025-10-10T12:45:48","slug":"kulinarik-musik-5","status":"publish","type":"tribe_events","link":"https:\/\/www.kulturei.ch\/?tribe_events=kulinarik-musik-5","title":{"rendered":"Kulinarik &#038; Musik"},"content":{"rendered":"<p>Das Team des Landgasthofs B\u00e4ren verw\u00f6hnt Sie mit einem speziell f\u00fcr diesen Anlass kreierten Mehrgangmenu. Dazu pr\u00e4sentieren Lehrpersonen der Musikschule Sumiswald musikalische Leckerbissen von Bohuslav Martinu, Dmitri Schostakowitsch, Adele, Aretha Franklin, Polo Hofer und anderen.<\/p>\n<p><strong>Olivier Borel<\/strong>, Drums<br \/>\n<strong>Livia Gu\u010danin<\/strong>, Querfl\u00f6te<br \/>\n<strong>Martin Jufer<\/strong>, Piano<br \/>\n<strong>Demian Kammer<\/strong>, Saxofon<br \/>\n<strong>Esther Lehmann-Staub<\/strong>, Vocals<br \/>\n<strong>Julian Lehmann<\/strong>, Guitar<br \/>\n<strong>Sandrine Meichtry<\/strong>, Vocals<br \/>\n<strong>Janick Zappe<\/strong>, Klarinette<\/p>\n<p><strong>Einlass<\/strong>: ab 18.30 Uhr, <strong>Konzertbeginn<\/strong>: 19.00 Uhr<br \/>\nMehrgangmenu (mit vegetarischer Variante): 55.-<br \/>\n(Kindermenu auf Anfrage)<br \/>\n<strong>Anmeldung bis Samstag, 03. Januar 2026<\/strong><br \/>\n<strong>Landgasthof B\u00e4ren, Sumiswald<\/strong><br \/>\n<strong>Telefon<\/strong>: 034 431 10 22,<br \/>\n<strong>E-Mail<\/strong>: hotel@baeren-sumiswald.ch<\/p>\n","protected":false},"excerpt":{"rendered":"<p>Das Team des Landgasthofs B\u00e4ren verw\u00f6hnt Sie mit einem speziell f\u00fcr diesen Anlass kreierten Mehrgangmenu. Dazu pr\u00e4sentieren Lehrpersonen der Musikschule Sumiswald musikalische Leckerbissen von Bohuslav Martinu, Dmitri Schostakowitsch, Adele, Aretha Franklin, Polo Hofer und anderen. Olivier Borel, Drums Livia Gu\u010danin, &hellip; <a href=\"https:\/\/www.kulturei.ch\/?tribe_events=kulinarik-musik-5\">Weiterlesen <span class=\"meta-nav\">&rarr;<\/span><\/a><\/p>\n","protected":false},"author":1,"featured_media":1739,"comment_status":"closed","ping_status":"closed","template":"","meta":{"_price":"","_stock":"","_tribe_ticket_header":"","_tribe_default_ticket_provider":"","_tribe_ticket_capacity":"0","_ticket_start_date":"","_ticket_end_date":"","_tribe_ticket_show_description":"","_tribe_ticket_show_not_going":false,"_tribe_ticket_use_global_stock":"","_tribe_ticket_global_stock_level":"","_global_stock_mode":"","_global_stock_cap":"","_tribe_rsvp_for_event":"","_tribe_ticket_going_count":"","_tribe_ticket_not_going_count":"","_tribe_tickets_list":"[]","_tribe_ticket_has_attendee_info_fields":false,"_tribe_events_status":"","_tribe_events_status_reason":"","footnotes":"","_tec_slr_enabled":"","_tec_slr_layout":""},"tags":[],"tribe_events_cat":[],"class_list":["post-1738","tribe_events","type-tribe_events","status-publish","has-post-thumbnail","hentry"],"ticketed":false,"_links":{"self":[{"href":"https:\/\/www.kulturei.ch\/index.php?rest_route=\/wp\/v2\/tribe_events\/1738","targetHints":{"allow":["GET"]}}],"collection":[{"href":"https:\/\/www.kulturei.ch\/index.php?rest_route=\/wp\/v2\/tribe_events"}],"about":[{"href":"https:\/\/www.kulturei.ch\/index.php?rest_route=\/wp\/v2\/types\/tribe_events"}],"author":[{"embeddable":true,"href":"https:\/\/www.kulturei.ch\/index.php?rest_route=\/wp\/v2\/users\/1"}],"replies":[{"embeddable":true,"href":"https:\/\/www.kulturei.ch\/index.php?rest_route=%2Fwp%2Fv2%2Fcomments&post=1738"}],"version-history":[{"count":2,"href":"https:\/\/www.kulturei.ch\/index.php?rest_route=\/wp\/v2\/tribe_events\/1738\/revisions"}],"predecessor-version":[{"id":1741,"href":"https:\/\/www.kulturei.ch\/index.php?rest_route=\/wp\/v2\/tribe_events\/1738\/revisions\/1741"}],"wp:featuredmedia":[{"embeddable":true,"href":"https:\/\/www.kulturei.ch\/index.php?rest_route=\/wp\/v2\/media\/1739"}],"wp:attachment":[{"href":"https:\/\/www.kulturei.ch\/index.php?rest_route=%2Fwp%2Fv2%2Fmedia&parent=1738"}],"wp:term":[{"taxonomy":"post_tag","embeddable":true,"href":"https:\/\/www.kulturei.ch\/index.php?rest_route=%2Fwp%2Fv2%2Ftags&post=1738"},{"taxonomy":"tribe_events_cat","embeddable":true,"href":"https:\/\/www.kulturei.ch\/index.php?rest_route=%2Fwp%2Fv2%2Ftribe_events_cat&post=1738"}],"curies":[{"name":"wp","href":"https:\/\/api.w.org\/{rel}","templated":true}]}}

<p>Das Team des Landgasthofs Bären verwöhnt Sie mit einem speziell für diesen Anlass kreierten Mehrgangmenu. Dazu präsentieren Lehrpersonen der Musikschule Sumiswald musikalische Leckerbissen von Bohuslav Martinu, Dmitri Schostakowitsch, Adele, Aretha Franklin, Polo Hofer und anderen.</p>
<p><strong>Olivier Borel</strong>, Drums<br />
<strong>Livia Gučanin</strong>, Querflöte<br />
<strong>Martin Jufer</strong>, Piano<br />
<strong>Demian Kammer</strong>, Saxofon<br />
<strong>Esther Lehmann-Staub</strong>, Vocals<br />
<strong>Julian Lehmann</strong>, Guitar<br />
<strong>Sandrine Meichtry</strong>, Vocals<br />
<strong>Janick Zappe</strong>, Klarinette</p>
<p><strong>Einlass</strong>: ab 18.30 Uhr, <strong>Konzertbeginn</strong>: 19.00 Uhr<br />
Mehrgangmenu (mit vegetarischer Variante): 55.-<br />
(Kindermenu auf Anfrage)<br />
<strong>Anmeldung bis Samstag, 03. Januar 2026</strong><br />
<strong>Landgasthof Bären, Sumiswald</strong><br />
<strong>Telefon</strong>: 034 431 10 22,<br />
<strong>E-Mail</strong>: hotel@baeren-sumiswald.ch</p>

<p>Das Team des Landgasthofs Bären verwöhnt Sie mit einem speziell für diesen Anlass kreierten Mehrgangmenu. Dazu präsentieren Lehrpersonen der Musikschule Sumiswald musikalische Leckerbissen von Bohuslav Martinu, Dmitri Schostakowitsch, Adele, Aretha Franklin, Polo Hofer und anderen. Olivier Borel, Drums Livia Gučanin, &hellip; <a href="https://www.kulturei.ch/?tribe_events=kulinarik-musik-5">Weiterlesen <span class="meta-nav">&rarr;</span></a></p>
