{"id":1611,"date":"2024-11-02T12:59:42","date_gmt":"2024-11-02T11:59:42","guid":{"rendered":"http:\/\/www.kulturei.ch\/?post_type=tribe_events&#038;p=1611"},"modified":"2024-11-02T13:06:07","modified_gmt":"2024-11-02T12:06:07","slug":"architekturvortrag-la-chaux-de-fonds-mit-dieter-schnell","status":"publish","type":"tribe_events","link":"https:\/\/www.kulturei.ch\/?tribe_events=architekturvortrag-la-chaux-de-fonds-mit-dieter-schnell","title":{"rendered":"Architekturvortrag La Chaux-de-Fonds mit Dieter Schnell"},"content":{"rendered":"<p>2009 sind La Chaux-de-Fonds und Le Locle als \u201eUrbanisme Horloger\u201c (Stadtlandschaft Uhrenindustrie) auf die Liste des UNESCO-Weltkulturerbes aufgenommen worden. Tats\u00e4chlich hat die sehr komplex aufgebaute Uhrenindustrie in La Chaux-de-Fonds eine einzigartige Stadtstruktur entstehen lassen, die \u00fcber ein Jahrhundert lang auf die sich wandelnden Produktionserfordernisse hat angepasst werden k\u00f6nnen. Zu Fuss geht es am Samstag, 10.05.25 auf eine mehrst\u00fcndige Entdeckungstour mit dem Architekturhistoriker Dieter Schnell. Vorg\u00e4ngig (Donnerstagabend, 08.05.25) erl\u00e4utert Dieter Schnell auf die gewohnt spannende und pr\u00e4gnante Art die vorgesehene Tour mit aktuellen und historischen Bildern.<\/p>\n<p>Details zur <a href=\"https:\/\/www.kulturei.ch\/?tribe_events=architekturfuehrung-la-chaux-de-fonds-mit-dieter-schnell\">F\u00fchrung<\/a> werden am Vortrag bekannt gegeben.<\/p>\n","protected":false},"excerpt":{"rendered":"<p>2009 sind La Chaux-de-Fonds und Le Locle als \u201eUrbanisme Horloger\u201c (Stadtlandschaft Uhrenindustrie) auf die Liste des UNESCO-Weltkulturerbes aufgenommen worden. Tats\u00e4chlich hat die sehr komplex aufgebaute Uhrenindustrie in La Chaux-de-Fonds eine einzigartige Stadtstruktur entstehen lassen, die \u00fcber ein Jahrhundert lang auf &hellip; <a href=\"https:\/\/www.kulturei.ch\/?tribe_events=architekturvortrag-la-chaux-de-fonds-mit-dieter-schnell\">Weiterlesen <span class=\"meta-nav\">&rarr;<\/span><\/a><\/p>\n","protected":false},"author":1,"featured_media":1612,"comment_status":"closed","ping_status":"closed","template":"","meta":{"_price":"","_stock":"","_tribe_ticket_header":"","_tribe_default_ticket_provider":"","_tribe_ticket_capacity":"0","_ticket_start_date":"","_ticket_end_date":"","_tribe_ticket_show_description":"","_tribe_ticket_show_not_going":false,"_tribe_ticket_use_global_stock":"","_tribe_ticket_global_stock_level":"","_global_stock_mode":"","_global_stock_cap":"","_tribe_rsvp_for_event":"","_tribe_ticket_going_count":"","_tribe_ticket_not_going_count":"","_tribe_tickets_list":"[]","_tribe_ticket_has_attendee_info_fields":false,"_tribe_events_status":"","_tribe_events_status_reason":"","footnotes":"","_tec_slr_enabled":"","_tec_slr_layout":""},"tags":[],"tribe_events_cat":[],"class_list":["post-1611","tribe_events","type-tribe_events","status-publish","has-post-thumbnail","hentry"],"ticketed":false,"_links":{"self":[{"href":"https:\/\/www.kulturei.ch\/index.php?rest_route=\/wp\/v2\/tribe_events\/1611","targetHints":{"allow":["GET"]}}],"collection":[{"href":"https:\/\/www.kulturei.ch\/index.php?rest_route=\/wp\/v2\/tribe_events"}],"about":[{"href":"https:\/\/www.kulturei.ch\/index.php?rest_route=\/wp\/v2\/types\/tribe_events"}],"author":[{"embeddable":true,"href":"https:\/\/www.kulturei.ch\/index.php?rest_route=\/wp\/v2\/users\/1"}],"replies":[{"embeddable":true,"href":"https:\/\/www.kulturei.ch\/index.php?rest_route=%2Fwp%2Fv2%2Fcomments&post=1611"}],"version-history":[{"count":3,"href":"https:\/\/www.kulturei.ch\/index.php?rest_route=\/wp\/v2\/tribe_events\/1611\/revisions"}],"predecessor-version":[{"id":1617,"href":"https:\/\/www.kulturei.ch\/index.php?rest_route=\/wp\/v2\/tribe_events\/1611\/revisions\/1617"}],"wp:featuredmedia":[{"embeddable":true,"href":"https:\/\/www.kulturei.ch\/index.php?rest_route=\/wp\/v2\/media\/1612"}],"wp:attachment":[{"href":"https:\/\/www.kulturei.ch\/index.php?rest_route=%2Fwp%2Fv2%2Fmedia&parent=1611"}],"wp:term":[{"taxonomy":"post_tag","embeddable":true,"href":"https:\/\/www.kulturei.ch\/index.php?rest_route=%2Fwp%2Fv2%2Ftags&post=1611"},{"taxonomy":"tribe_events_cat","embeddable":true,"href":"https:\/\/www.kulturei.ch\/index.php?rest_route=%2Fwp%2Fv2%2Ftribe_events_cat&post=1611"}],"curies":[{"name":"wp","href":"https:\/\/api.w.org\/{rel}","templated":true}]}}

<p>2009 sind La Chaux-de-Fonds und Le Locle als „Urbanisme Horloger“ (Stadtlandschaft Uhrenindustrie) auf die Liste des UNESCO-Weltkulturerbes aufgenommen worden. Tatsächlich hat die sehr komplex aufgebaute Uhrenindustrie in La Chaux-de-Fonds eine einzigartige Stadtstruktur entstehen lassen, die über ein Jahrhundert lang auf die sich wandelnden Produktionserfordernisse hat angepasst werden können. Zu Fuss geht es am Samstag, 10.05.25 auf eine mehrstündige Entdeckungstour mit dem Architekturhistoriker Dieter Schnell. Vorgängig (Donnerstagabend, 08.05.25) erläutert Dieter Schnell auf die gewohnt spannende und prägnante Art die vorgesehene Tour mit aktuellen und historischen Bildern.</p>
<p>Details zur <a href="https://www.kulturei.ch/?tribe_events=architekturfuehrung-la-chaux-de-fonds-mit-dieter-schnell">Führung</a> werden am Vortrag bekannt gegeben.</p>

<p>2009 sind La Chaux-de-Fonds und Le Locle als „Urbanisme Horloger“ (Stadtlandschaft Uhrenindustrie) auf die Liste des UNESCO-Weltkulturerbes aufgenommen worden. Tatsächlich hat die sehr komplex aufgebaute Uhrenindustrie in La Chaux-de-Fonds eine einzigartige Stadtstruktur entstehen lassen, die über ein Jahrhundert lang auf &hellip; <a href="https://www.kulturei.ch/?tribe_events=architekturvortrag-la-chaux-de-fonds-mit-dieter-schnell">Weiterlesen <span class="meta-nav">&rarr;</span></a></p>
