{"id":1598,"date":"2024-11-02T12:26:22","date_gmt":"2024-11-02T11:26:22","guid":{"rendered":"http:\/\/www.kulturei.ch\/?post_type=tribe_events&#038;p=1598"},"modified":"2024-11-02T12:26:22","modified_gmt":"2024-11-02T11:26:22","slug":"kulinarik-musik-4","status":"publish","type":"tribe_events","link":"https:\/\/www.kulturei.ch\/?tribe_events=kulinarik-musik-4","title":{"rendered":"Kulinarik &#038; Musik"},"content":{"rendered":"<p>Das Team des Landgasthofs B\u00e4ren, Lehrpersonen der Musikschule<br \/>\nSumiswald und die LB Dance Company verw\u00f6hnen Sie mit kulinari-<br \/>\nschen, musikalischen und t\u00e4nzerischen Leckerbissen.<\/p>\n<p><strong>Musik<\/strong>:<br \/>\nDavid Carrillo, Gitarre<br \/>\nLuigi Chiaramonte, Gesang<br \/>\nLivia Gu\u010danin, Querfl\u00f6te<br \/>\nMartin Jufer, Jazz-Piano<br \/>\nEsther Lehmann-Staub, Pop Vocals<br \/>\nTatjana von Gunten-Massalova, Klavier<\/p>\n<p><strong>Tanz<\/strong>:<br \/>\nRuth Geissb\u00fchler, Michelle Hofstetter, Lea K\u00fcndgen, Kiara Megert,<br \/>\nJana Mosimann, Joana Pfister, Lyn R\u00f6thlisberger<br \/>\nKonzept\/Choreografie\/Kost\u00fcme: B\u00e9atrice Bichsel<\/p>\n<p><strong>Einlass<\/strong>: ab 18.30 Uhr<br \/>\n<strong>Konzertbeginn<\/strong>: 19.00 Uhr<br \/>\nMehrgangmenu (mit vegetarischer Variante): 50.-<br \/>\n(Kindermenu auf Anfrage)<br \/>\n<strong>Anmeldung bis Samstag, 04. Januar 2025<\/strong><br \/>\nLandgasthof B\u00e4ren, Sumiswald<br \/>\n<strong>Telefon:<\/strong> 034 431 10 22<br \/>\n<strong>E-Mail:<\/strong> hotel@baeren-sumiswald.ch<\/p>\n","protected":false},"excerpt":{"rendered":"<p>Das Team des Landgasthofs B\u00e4ren, Lehrpersonen der Musikschule Sumiswald und die LB Dance Company verw\u00f6hnen Sie mit kulinari- schen, musikalischen und t\u00e4nzerischen Leckerbissen. Musik: David Carrillo, Gitarre Luigi Chiaramonte, Gesang Livia Gu\u010danin, Querfl\u00f6te Martin Jufer, Jazz-Piano Esther Lehmann-Staub, Pop Vocals &hellip; <a href=\"https:\/\/www.kulturei.ch\/?tribe_events=kulinarik-musik-4\">Weiterlesen <span class=\"meta-nav\">&rarr;<\/span><\/a><\/p>\n","protected":false},"author":1,"featured_media":1599,"comment_status":"closed","ping_status":"closed","template":"","meta":{"_price":"","_stock":"","_tribe_ticket_header":"","_tribe_default_ticket_provider":"","_tribe_ticket_capacity":"0","_ticket_start_date":"","_ticket_end_date":"","_tribe_ticket_show_description":"","_tribe_ticket_show_not_going":false,"_tribe_ticket_use_global_stock":"","_tribe_ticket_global_stock_level":"","_global_stock_mode":"","_global_stock_cap":"","_tribe_rsvp_for_event":"","_tribe_ticket_going_count":"","_tribe_ticket_not_going_count":"","_tribe_tickets_list":"[]","_tribe_ticket_has_attendee_info_fields":false,"_tribe_events_status":"","_tribe_events_status_reason":"","footnotes":"","_tec_slr_enabled":"","_tec_slr_layout":""},"tags":[],"tribe_events_cat":[],"class_list":["post-1598","tribe_events","type-tribe_events","status-publish","has-post-thumbnail","hentry"],"ticketed":false,"_links":{"self":[{"href":"https:\/\/www.kulturei.ch\/index.php?rest_route=\/wp\/v2\/tribe_events\/1598","targetHints":{"allow":["GET"]}}],"collection":[{"href":"https:\/\/www.kulturei.ch\/index.php?rest_route=\/wp\/v2\/tribe_events"}],"about":[{"href":"https:\/\/www.kulturei.ch\/index.php?rest_route=\/wp\/v2\/types\/tribe_events"}],"author":[{"embeddable":true,"href":"https:\/\/www.kulturei.ch\/index.php?rest_route=\/wp\/v2\/users\/1"}],"replies":[{"embeddable":true,"href":"https:\/\/www.kulturei.ch\/index.php?rest_route=%2Fwp%2Fv2%2Fcomments&post=1598"}],"version-history":[{"count":2,"href":"https:\/\/www.kulturei.ch\/index.php?rest_route=\/wp\/v2\/tribe_events\/1598\/revisions"}],"predecessor-version":[{"id":1601,"href":"https:\/\/www.kulturei.ch\/index.php?rest_route=\/wp\/v2\/tribe_events\/1598\/revisions\/1601"}],"wp:featuredmedia":[{"embeddable":true,"href":"https:\/\/www.kulturei.ch\/index.php?rest_route=\/wp\/v2\/media\/1599"}],"wp:attachment":[{"href":"https:\/\/www.kulturei.ch\/index.php?rest_route=%2Fwp%2Fv2%2Fmedia&parent=1598"}],"wp:term":[{"taxonomy":"post_tag","embeddable":true,"href":"https:\/\/www.kulturei.ch\/index.php?rest_route=%2Fwp%2Fv2%2Ftags&post=1598"},{"taxonomy":"tribe_events_cat","embeddable":true,"href":"https:\/\/www.kulturei.ch\/index.php?rest_route=%2Fwp%2Fv2%2Ftribe_events_cat&post=1598"}],"curies":[{"name":"wp","href":"https:\/\/api.w.org\/{rel}","templated":true}]}}

<p>Das Team des Landgasthofs Bären, Lehrpersonen der Musikschule<br />
Sumiswald und die LB Dance Company verwöhnen Sie mit kulinari-<br />
schen, musikalischen und tänzerischen Leckerbissen.</p>
<p><strong>Musik</strong>:<br />
David Carrillo, Gitarre<br />
Luigi Chiaramonte, Gesang<br />
Livia Gučanin, Querflöte<br />
Martin Jufer, Jazz-Piano<br />
Esther Lehmann-Staub, Pop Vocals<br />
Tatjana von Gunten-Massalova, Klavier</p>
<p><strong>Tanz</strong>:<br />
Ruth Geissbühler, Michelle Hofstetter, Lea Kündgen, Kiara Megert,<br />
Jana Mosimann, Joana Pfister, Lyn Röthlisberger<br />
Konzept/Choreografie/Kostüme: Béatrice Bichsel</p>
<p><strong>Einlass</strong>: ab 18.30 Uhr<br />
<strong>Konzertbeginn</strong>: 19.00 Uhr<br />
Mehrgangmenu (mit vegetarischer Variante): 50.-<br />
(Kindermenu auf Anfrage)<br />
<strong>Anmeldung bis Samstag, 04. Januar 2025</strong><br />
Landgasthof Bären, Sumiswald<br />
<strong>Telefon:</strong> 034 431 10 22<br />
<strong>E-Mail:</strong> hotel@baeren-sumiswald.ch</p>

<p>Das Team des Landgasthofs Bären, Lehrpersonen der Musikschule Sumiswald und die LB Dance Company verwöhnen Sie mit kulinari- schen, musikalischen und tänzerischen Leckerbissen. Musik: David Carrillo, Gitarre Luigi Chiaramonte, Gesang Livia Gučanin, Querflöte Martin Jufer, Jazz-Piano Esther Lehmann-Staub, Pop Vocals &hellip; <a href="https://www.kulturei.ch/?tribe_events=kulinarik-musik-4">Weiterlesen <span class="meta-nav">&rarr;</span></a></p>
