{"id":1414,"date":"2023-10-24T14:12:22","date_gmt":"2023-10-24T12:12:22","guid":{"rendered":"http:\/\/www.kulturei.ch\/?post_type=tribe_events&#038;p=1414"},"modified":"2023-10-24T14:12:22","modified_gmt":"2023-10-24T12:12:22","slug":"trio-sommertime","status":"publish","type":"tribe_events","link":"https:\/\/www.kulturei.ch\/?tribe_events=trio-sommertime","title":{"rendered":"Trio Sommertime"},"content":{"rendered":"<p><strong>Ana Catalina Pe\u00f1a Sommer<\/strong> Querfl\u00f6te<br \/>\n<strong>Aleydis Sarmiento Guerrero<\/strong> Violine<br \/>\n<strong>Rodolfo Javier Pe\u00f1a Sommer<\/strong> Klavier<\/p>\n<p>Die Musikerfamilie Pena hat ihre Wurzeln sowohl in der Schweiz wie auch in Mexiko, bringt mit dieser Mischung lateinamerikanische Verve mit schweizerischer Pr\u00e4zision auf die B\u00fchne &#8211; zugleich spannend und unterhaltsam.<\/p>\n<p>Die Geschwister Rodolfo und Catalina treten seit fr\u00fchster Kindheit gemeinsam auf. Rodolfos Frau, Aleydis erweitert die Formation zum Trio. Das Repertoire umfasst eine breite Palette von Stilen und Werken, von romantischer mexikanischer Salonmusik, lateinamerikanischer Popmusik, Filmthemen und Popklassikern bis hin zu den grossen Komponisten klassischer Musik.<\/p>\n<p><strong>Eintritt:<\/strong> 20.-<br \/>\n<strong>Mitglieder Kulturei:<\/strong> Erm\u00e4ssigung Fr. 5.-<br \/>\n<strong>Sch\u00fcler\/innen:<\/strong> gratis<br \/>\n<strong>T\u00fcr\u00f6ffnung:<\/strong> ab 19.30 Uhr \/ <strong>Beginn:<\/strong> 20.00 Uhr<\/p>\n","protected":false},"excerpt":{"rendered":"<p>Ana Catalina Pe\u00f1a Sommer Querfl\u00f6te Aleydis Sarmiento Guerrero Violine Rodolfo Javier Pe\u00f1a Sommer Klavier Die Musikerfamilie Pena hat ihre Wurzeln sowohl in der Schweiz wie auch in Mexiko, bringt mit dieser Mischung lateinamerikanische Verve mit schweizerischer Pr\u00e4zision auf die B\u00fchne &hellip; <a href=\"https:\/\/www.kulturei.ch\/?tribe_events=trio-sommertime\">Weiterlesen <span class=\"meta-nav\">&rarr;<\/span><\/a><\/p>\n","protected":false},"author":1,"featured_media":1416,"comment_status":"closed","ping_status":"closed","template":"","meta":{"_price":"","_stock":"","_tribe_ticket_header":"","_tribe_default_ticket_provider":"","_tribe_ticket_capacity":"","_ticket_start_date":"","_ticket_end_date":"","_tribe_ticket_show_description":"","_tribe_ticket_show_not_going":false,"_tribe_ticket_use_global_stock":"","_tribe_ticket_global_stock_level":"","_global_stock_mode":"","_global_stock_cap":"","_tribe_rsvp_for_event":"","_tribe_ticket_going_count":"","_tribe_ticket_not_going_count":"","_tribe_tickets_list":"[]","_tribe_ticket_has_attendee_info_fields":false,"_tribe_events_status":"","_tribe_events_status_reason":"","footnotes":"","_tec_slr_enabled":"","_tec_slr_layout":""},"tags":[],"tribe_events_cat":[],"class_list":["post-1414","tribe_events","type-tribe_events","status-publish","has-post-thumbnail","hentry"],"ticketed":["rsvp"],"_links":{"self":[{"href":"https:\/\/www.kulturei.ch\/index.php?rest_route=\/wp\/v2\/tribe_events\/1414","targetHints":{"allow":["GET"]}}],"collection":[{"href":"https:\/\/www.kulturei.ch\/index.php?rest_route=\/wp\/v2\/tribe_events"}],"about":[{"href":"https:\/\/www.kulturei.ch\/index.php?rest_route=\/wp\/v2\/types\/tribe_events"}],"author":[{"embeddable":true,"href":"https:\/\/www.kulturei.ch\/index.php?rest_route=\/wp\/v2\/users\/1"}],"replies":[{"embeddable":true,"href":"https:\/\/www.kulturei.ch\/index.php?rest_route=%2Fwp%2Fv2%2Fcomments&post=1414"}],"version-history":[{"count":1,"href":"https:\/\/www.kulturei.ch\/index.php?rest_route=\/wp\/v2\/tribe_events\/1414\/revisions"}],"predecessor-version":[{"id":1417,"href":"https:\/\/www.kulturei.ch\/index.php?rest_route=\/wp\/v2\/tribe_events\/1414\/revisions\/1417"}],"wp:featuredmedia":[{"embeddable":true,"href":"https:\/\/www.kulturei.ch\/index.php?rest_route=\/wp\/v2\/media\/1416"}],"wp:attachment":[{"href":"https:\/\/www.kulturei.ch\/index.php?rest_route=%2Fwp%2Fv2%2Fmedia&parent=1414"}],"wp:term":[{"taxonomy":"post_tag","embeddable":true,"href":"https:\/\/www.kulturei.ch\/index.php?rest_route=%2Fwp%2Fv2%2Ftags&post=1414"},{"taxonomy":"tribe_events_cat","embeddable":true,"href":"https:\/\/www.kulturei.ch\/index.php?rest_route=%2Fwp%2Fv2%2Ftribe_events_cat&post=1414"}],"curies":[{"name":"wp","href":"https:\/\/api.w.org\/{rel}","templated":true}]}}

<p><strong>Ana Catalina Peña Sommer</strong> Querflöte<br />
<strong>Aleydis Sarmiento Guerrero</strong> Violine<br />
<strong>Rodolfo Javier Peña Sommer</strong> Klavier</p>
<p>Die Musikerfamilie Pena hat ihre Wurzeln sowohl in der Schweiz wie auch in Mexiko, bringt mit dieser Mischung lateinamerikanische Verve mit schweizerischer Präzision auf die Bühne &#8211; zugleich spannend und unterhaltsam.</p>
<p>Die Geschwister Rodolfo und Catalina treten seit frühster Kindheit gemeinsam auf. Rodolfos Frau, Aleydis erweitert die Formation zum Trio. Das Repertoire umfasst eine breite Palette von Stilen und Werken, von romantischer mexikanischer Salonmusik, lateinamerikanischer Popmusik, Filmthemen und Popklassikern bis hin zu den grossen Komponisten klassischer Musik.</p>
<p><strong>Eintritt:</strong> 20.-<br />
<strong>Mitglieder Kulturei:</strong> Ermässigung Fr. 5.-<br />
<strong>Schüler/innen:</strong> gratis<br />
<strong>Türöffnung:</strong> ab 19.30 Uhr / <strong>Beginn:</strong> 20.00 Uhr</p>

<p>Ana Catalina Peña Sommer Querflöte Aleydis Sarmiento Guerrero Violine Rodolfo Javier Peña Sommer Klavier Die Musikerfamilie Pena hat ihre Wurzeln sowohl in der Schweiz wie auch in Mexiko, bringt mit dieser Mischung lateinamerikanische Verve mit schweizerischer Präzision auf die Bühne &hellip; <a href="https://www.kulturei.ch/?tribe_events=trio-sommertime">Weiterlesen <span class="meta-nav">&rarr;</span></a></p>
