{"id":1356,"date":"2023-09-18T17:52:01","date_gmt":"2023-09-18T15:52:01","guid":{"rendered":"http:\/\/www.kulturei.ch\/?post_type=tribe_events&#038;p=1356"},"modified":"2023-09-19T12:23:07","modified_gmt":"2023-09-19T10:23:07","slug":"das-letzte-wort-ein-buehnenkrimi-sondergleichen","status":"publish","type":"tribe_events","link":"https:\/\/www.kulturei.ch\/?tribe_events=das-letzte-wort-ein-buehnenkrimi-sondergleichen","title":{"rendered":"&#171;Das letzte Wort&#187; &#8211; Ein B\u00fchnenkrimi sonder(g)leichen"},"content":{"rendered":"<p>Verbrannt, ertr\u00e4nkt, erstickt \u2014 eine Serie bestialischer Morde ersch\u00fcttert die Fachwelt: Exponenten verschiedener Fremdsprachen werden einer um den anderen tot aufgefunden. Da tritt das renommierte Detektivduo Zumstein\/Kuster auf den Plan, obwohl es vorerst<br \/>\nkeinen hat: Wer tut so etwas&#8230;?<br \/>\nWas hat es mit den Zetteln auf sich, auf denen die Opfer jeweils ein letztes Wort an die Nachwelt hinterlassen&#8230;?<br \/>\nUnd welche Rolle spielt der Pfarrer&#8230;?<br \/>\nAm Horizont k\u00fcndigt sich blutrot eine unangenehme Erkenntnis an.<\/p>\n<p>In \u201eDas letzte Wort\u201c pr\u00e4sentieren die beiden Burgdorfer <strong>Remo<\/strong><br \/>\n<strong>Zumstein<\/strong> und <strong>Michael Kuster<\/strong> einen abendf\u00fcllenden B\u00fchnenkrimi.<br \/>\nMusik und Slam-Poetry mit dezidiertem Hang zum D\u00fcsteren, schr\u00e4ge Dialoge und die Geschichte eines Verbrechens, das alle etwas angeht. Protagonistin, Zeugin, Opfer und T\u00e4terin zugleich: die Sprache.<\/p>\n<p><strong>Eintritt<\/strong>: 30.-<br \/>\n<strong>Mitglieder Kulturei<\/strong>: Erm\u00e4ssigung Fr. 5.-<br \/>\n<strong>Sch\u00fcler\/innen<\/strong>: gratis<br \/>\n<strong>Abendkasse<\/strong>: ab 19.30 Uhr \/ <strong>Vorstellungsbeginn<\/strong>: 20.00 Uhr<\/p>\n","protected":false},"excerpt":{"rendered":"<p>Verbrannt, ertr\u00e4nkt, erstickt \u2014 eine Serie bestialischer Morde ersch\u00fcttert die Fachwelt: Exponenten verschiedener Fremdsprachen werden einer um den anderen tot aufgefunden. Da tritt das renommierte Detektivduo Zumstein\/Kuster auf den Plan, obwohl es vorerst keinen hat: Wer tut so etwas&#8230;? Was &hellip; <a href=\"https:\/\/www.kulturei.ch\/?tribe_events=das-letzte-wort-ein-buehnenkrimi-sondergleichen\">Weiterlesen <span class=\"meta-nav\">&rarr;<\/span><\/a><\/p>\n","protected":false},"author":1,"featured_media":1357,"comment_status":"closed","ping_status":"closed","template":"","meta":{"_price":"","_stock":"","_tribe_ticket_header":"","_tribe_default_ticket_provider":"","_tribe_ticket_capacity":"","_ticket_start_date":"","_ticket_end_date":"","_tribe_ticket_show_description":"","_tribe_ticket_show_not_going":false,"_tribe_ticket_use_global_stock":"","_tribe_ticket_global_stock_level":"","_global_stock_mode":"","_global_stock_cap":"","_tribe_rsvp_for_event":"","_tribe_ticket_going_count":"","_tribe_ticket_not_going_count":"","_tribe_tickets_list":"[]","_tribe_ticket_has_attendee_info_fields":false,"_tribe_events_status":"","_tribe_events_status_reason":"","footnotes":"","_tec_slr_enabled":"","_tec_slr_layout":""},"tags":[],"tribe_events_cat":[],"class_list":["post-1356","tribe_events","type-tribe_events","status-publish","has-post-thumbnail","hentry"],"ticketed":["rsvp"],"_links":{"self":[{"href":"https:\/\/www.kulturei.ch\/index.php?rest_route=\/wp\/v2\/tribe_events\/1356","targetHints":{"allow":["GET"]}}],"collection":[{"href":"https:\/\/www.kulturei.ch\/index.php?rest_route=\/wp\/v2\/tribe_events"}],"about":[{"href":"https:\/\/www.kulturei.ch\/index.php?rest_route=\/wp\/v2\/types\/tribe_events"}],"author":[{"embeddable":true,"href":"https:\/\/www.kulturei.ch\/index.php?rest_route=\/wp\/v2\/users\/1"}],"replies":[{"embeddable":true,"href":"https:\/\/www.kulturei.ch\/index.php?rest_route=%2Fwp%2Fv2%2Fcomments&post=1356"}],"version-history":[{"count":5,"href":"https:\/\/www.kulturei.ch\/index.php?rest_route=\/wp\/v2\/tribe_events\/1356\/revisions"}],"predecessor-version":[{"id":1365,"href":"https:\/\/www.kulturei.ch\/index.php?rest_route=\/wp\/v2\/tribe_events\/1356\/revisions\/1365"}],"wp:featuredmedia":[{"embeddable":true,"href":"https:\/\/www.kulturei.ch\/index.php?rest_route=\/wp\/v2\/media\/1357"}],"wp:attachment":[{"href":"https:\/\/www.kulturei.ch\/index.php?rest_route=%2Fwp%2Fv2%2Fmedia&parent=1356"}],"wp:term":[{"taxonomy":"post_tag","embeddable":true,"href":"https:\/\/www.kulturei.ch\/index.php?rest_route=%2Fwp%2Fv2%2Ftags&post=1356"},{"taxonomy":"tribe_events_cat","embeddable":true,"href":"https:\/\/www.kulturei.ch\/index.php?rest_route=%2Fwp%2Fv2%2Ftribe_events_cat&post=1356"}],"curies":[{"name":"wp","href":"https:\/\/api.w.org\/{rel}","templated":true}]}}

&#171;Das letzte Wort&#187; &#8211; Ein Bühnenkrimi sonder(g)leichen

<p>Verbrannt, ertränkt, erstickt — eine Serie bestialischer Morde erschüttert die Fachwelt: Exponenten verschiedener Fremdsprachen werden einer um den anderen tot aufgefunden. Da tritt das renommierte Detektivduo Zumstein/Kuster auf den Plan, obwohl es vorerst<br />
keinen hat: Wer tut so etwas&#8230;?<br />
Was hat es mit den Zetteln auf sich, auf denen die Opfer jeweils ein letztes Wort an die Nachwelt hinterlassen&#8230;?<br />
Und welche Rolle spielt der Pfarrer&#8230;?<br />
Am Horizont kündigt sich blutrot eine unangenehme Erkenntnis an.</p>
<p>In „Das letzte Wort“ präsentieren die beiden Burgdorfer <strong>Remo</strong><br />
<strong>Zumstein</strong> und <strong>Michael Kuster</strong> einen abendfüllenden Bühnenkrimi.<br />
Musik und Slam-Poetry mit dezidiertem Hang zum Düsteren, schräge Dialoge und die Geschichte eines Verbrechens, das alle etwas angeht. Protagonistin, Zeugin, Opfer und Täterin zugleich: die Sprache.</p>
<p><strong>Eintritt</strong>: 30.-<br />
<strong>Mitglieder Kulturei</strong>: Ermässigung Fr. 5.-<br />
<strong>Schüler/innen</strong>: gratis<br />
<strong>Abendkasse</strong>: ab 19.30 Uhr / <strong>Vorstellungsbeginn</strong>: 20.00 Uhr</p>

<p>Verbrannt, ertränkt, erstickt — eine Serie bestialischer Morde erschüttert die Fachwelt: Exponenten verschiedener Fremdsprachen werden einer um den anderen tot aufgefunden. Da tritt das renommierte Detektivduo Zumstein/Kuster auf den Plan, obwohl es vorerst keinen hat: Wer tut so etwas&#8230;? Was &hellip; <a href="https://www.kulturei.ch/?tribe_events=das-letzte-wort-ein-buehnenkrimi-sondergleichen">Weiterlesen <span class="meta-nav">&rarr;</span></a></p>
