{"id":1340,"date":"2023-07-31T08:29:13","date_gmt":"2023-07-31T06:29:13","guid":{"rendered":"http:\/\/www.kulturei.ch\/?post_type=tribe_events&#038;p=1340"},"modified":"2023-08-04T09:40:57","modified_gmt":"2023-08-04T07:40:57","slug":"hiesix-folkorn-cd-praesentation","status":"publish","type":"tribe_events","link":"https:\/\/www.kulturei.ch\/?tribe_events=hiesix-folkorn-cd-praesentation","title":{"rendered":"HiesiX &#8211; \u201eFolkorn\u201c CD Pr\u00e4sentation"},"content":{"rendered":"<p><strong>Herzbewegend mit einem Hauch Fernweh<\/strong><\/p>\n<p><strong>HiesiX<\/strong> musiziert spielend und singend \u00fcber Grenzen und Zeiten hinweg:<br \/>\nSo haben in ihrer Musik neben heute gel\u00e4ufigen Instrumenten wie Geige,<br \/>\nGitarre und E-Bass auch Instrumente aus anderen Welten und Zeiten<br \/>\nPlatz. So die fr\u00fcher hier durchaus bekannten Halszithern, Sackpfeifen, das<br \/>\nH\u00e4xeschyt, die Drehleier, das Tr\u00fcmpi \u2013 erg\u00e4nzt durch Juuz und Gesang.<br \/>\nKraftvolle alte St\u00fccke kommen durch die vielsaitige Besetzung zu neuem<br \/>\nLeben, gehen Hand in Hand mit Neukompositionen, welche durch die fast<br \/>\nvergessenen Instrumente die Br\u00fccke zwischen Gestrigem und Heutigem<br \/>\nschlagen.<br \/>\nKraftvoll \u2013 rauh \u2013 ungeschlacht. Hiesix kombiniert diese Energie der<br \/>\nEinfachheit mit einem immensen Reichtum an Klangfarben, Klangbildern<br \/>\nund Stimmungen: Ber\u00fchrend, mitreissend, davontragend.<\/p>\n<p><strong>Iris Keller<\/strong>: Gesang, Geige, Ukulele, Halszither, Bass<br \/>\n<strong>Thomas Keller<\/strong>: Halszither, H\u00e4xeschyt, Muugiige, Bariton Gitarre<br \/>\n<strong>Dide Marfurt<\/strong>: Halszither, Sackpfeife, Drehleier, Dobro, Perc.<br \/>\n<strong>Lorenz Nejedly<\/strong>: Bass, Gitarre, Perc.<\/p>\n<p><strong>Eintritt:<\/strong> frei, Kollekte<br \/>\n<strong>T\u00fcr\u00f6ffnung:<\/strong> ab 19.45 Uhr \/ <strong>Konzertbeginn:<\/strong> 20.15 Uh<\/p>\n<p>&nbsp;<\/p>\n","protected":false},"excerpt":{"rendered":"<p>Herzbewegend mit einem Hauch Fernweh HiesiX musiziert spielend und singend \u00fcber Grenzen und Zeiten hinweg: So haben in ihrer Musik neben heute gel\u00e4ufigen Instrumenten wie Geige, Gitarre und E-Bass auch Instrumente aus anderen Welten und Zeiten Platz. So die fr\u00fcher &hellip; <a href=\"https:\/\/www.kulturei.ch\/?tribe_events=hiesix-folkorn-cd-praesentation\">Weiterlesen <span class=\"meta-nav\">&rarr;<\/span><\/a><\/p>\n","protected":false},"author":1,"featured_media":1341,"comment_status":"closed","ping_status":"closed","template":"","meta":{"_price":"","_stock":"","_tribe_ticket_header":"","_tribe_default_ticket_provider":"","_tribe_ticket_capacity":"0","_ticket_start_date":"","_ticket_end_date":"","_tribe_ticket_show_description":"","_tribe_ticket_show_not_going":false,"_tribe_ticket_use_global_stock":"","_tribe_ticket_global_stock_level":"","_global_stock_mode":"","_global_stock_cap":"","_tribe_rsvp_for_event":"","_tribe_ticket_going_count":"","_tribe_ticket_not_going_count":"","_tribe_tickets_list":"[]","_tribe_ticket_has_attendee_info_fields":false,"_tribe_events_status":"","_tribe_events_status_reason":"","footnotes":"","_tec_slr_enabled":"","_tec_slr_layout":""},"tags":[],"tribe_events_cat":[],"class_list":["post-1340","tribe_events","type-tribe_events","status-publish","has-post-thumbnail","hentry"],"ticketed":false,"_links":{"self":[{"href":"https:\/\/www.kulturei.ch\/index.php?rest_route=\/wp\/v2\/tribe_events\/1340","targetHints":{"allow":["GET"]}}],"collection":[{"href":"https:\/\/www.kulturei.ch\/index.php?rest_route=\/wp\/v2\/tribe_events"}],"about":[{"href":"https:\/\/www.kulturei.ch\/index.php?rest_route=\/wp\/v2\/types\/tribe_events"}],"author":[{"embeddable":true,"href":"https:\/\/www.kulturei.ch\/index.php?rest_route=\/wp\/v2\/users\/1"}],"replies":[{"embeddable":true,"href":"https:\/\/www.kulturei.ch\/index.php?rest_route=%2Fwp%2Fv2%2Fcomments&post=1340"}],"version-history":[{"count":3,"href":"https:\/\/www.kulturei.ch\/index.php?rest_route=\/wp\/v2\/tribe_events\/1340\/revisions"}],"predecessor-version":[{"id":1348,"href":"https:\/\/www.kulturei.ch\/index.php?rest_route=\/wp\/v2\/tribe_events\/1340\/revisions\/1348"}],"wp:featuredmedia":[{"embeddable":true,"href":"https:\/\/www.kulturei.ch\/index.php?rest_route=\/wp\/v2\/media\/1341"}],"wp:attachment":[{"href":"https:\/\/www.kulturei.ch\/index.php?rest_route=%2Fwp%2Fv2%2Fmedia&parent=1340"}],"wp:term":[{"taxonomy":"post_tag","embeddable":true,"href":"https:\/\/www.kulturei.ch\/index.php?rest_route=%2Fwp%2Fv2%2Ftags&post=1340"},{"taxonomy":"tribe_events_cat","embeddable":true,"href":"https:\/\/www.kulturei.ch\/index.php?rest_route=%2Fwp%2Fv2%2Ftribe_events_cat&post=1340"}],"curies":[{"name":"wp","href":"https:\/\/api.w.org\/{rel}","templated":true}]}}

HiesiX &#8211; „Folkorn“ CD Präsentation

<p><strong>Herzbewegend mit einem Hauch Fernweh</strong></p>
<p><strong>HiesiX</strong> musiziert spielend und singend über Grenzen und Zeiten hinweg:<br />
So haben in ihrer Musik neben heute geläufigen Instrumenten wie Geige,<br />
Gitarre und E-Bass auch Instrumente aus anderen Welten und Zeiten<br />
Platz. So die früher hier durchaus bekannten Halszithern, Sackpfeifen, das<br />
Häxeschyt, die Drehleier, das Trümpi – ergänzt durch Juuz und Gesang.<br />
Kraftvolle alte Stücke kommen durch die vielsaitige Besetzung zu neuem<br />
Leben, gehen Hand in Hand mit Neukompositionen, welche durch die fast<br />
vergessenen Instrumente die Brücke zwischen Gestrigem und Heutigem<br />
schlagen.<br />
Kraftvoll – rauh – ungeschlacht. Hiesix kombiniert diese Energie der<br />
Einfachheit mit einem immensen Reichtum an Klangfarben, Klangbildern<br />
und Stimmungen: Berührend, mitreissend, davontragend.</p>
<p><strong>Iris Keller</strong>: Gesang, Geige, Ukulele, Halszither, Bass<br />
<strong>Thomas Keller</strong>: Halszither, Häxeschyt, Muugiige, Bariton Gitarre<br />
<strong>Dide Marfurt</strong>: Halszither, Sackpfeife, Drehleier, Dobro, Perc.<br />
<strong>Lorenz Nejedly</strong>: Bass, Gitarre, Perc.</p>
<p><strong>Eintritt:</strong> frei, Kollekte<br />
<strong>Türöffnung:</strong> ab 19.45 Uhr / <strong>Konzertbeginn:</strong> 20.15 Uh</p>
<p>&nbsp;</p>

<p>Herzbewegend mit einem Hauch Fernweh HiesiX musiziert spielend und singend über Grenzen und Zeiten hinweg: So haben in ihrer Musik neben heute geläufigen Instrumenten wie Geige, Gitarre und E-Bass auch Instrumente aus anderen Welten und Zeiten Platz. So die früher &hellip; <a href="https://www.kulturei.ch/?tribe_events=hiesix-folkorn-cd-praesentation">Weiterlesen <span class="meta-nav">&rarr;</span></a></p>
