{"id":124,"date":"2015-10-23T15:33:44","date_gmt":"2015-10-23T13:33:44","guid":{"rendered":"http:\/\/www.kulturei.ch\/?post_type=tribe_events&#038;p=124"},"modified":"2016-01-19T13:37:04","modified_gmt":"2016-01-19T12:37:04","slug":"acoustic-night","status":"publish","type":"tribe_events","link":"https:\/\/www.kulturei.ch\/?tribe_events=acoustic-night","title":{"rendered":"Acoustic Night (mit Migre le Tigre &#038; In Between Green)"},"content":{"rendered":"<p>Zum ersten Mal findet im Sternen Pub in Sumiswald-Gr\u00fcnen eine Acoustic Night statt. Das heisst Live Musik, gem\u00fctliches Beisammensein und gen\u00fcgend zu trinken!<\/p>\n<h2><strong>MIGRE LE TIGRE<\/strong><\/h2>\n<p><img loading=\"lazy\" decoding=\"async\" class=\"alignnone wp-image-129\" src=\"https:\/\/www.kulturei.ch\/wp-content\/uploads\/2015\/10\/Unbenannt-1024x510.jpg\" alt=\"Unbenannt\" width=\"560\" height=\"279\" srcset=\"https:\/\/www.kulturei.ch\/wp-content\/uploads\/2015\/10\/Unbenannt-1024x510.jpg 1024w, https:\/\/www.kulturei.ch\/wp-content\/uploads\/2015\/10\/Unbenannt-300x149.jpg 300w, https:\/\/www.kulturei.ch\/wp-content\/uploads\/2015\/10\/Unbenannt.jpg 1050w\" sizes=\"auto, (max-width: 560px) 100vw, 560px\" \/><\/p>\n<p><strong>One-Man-Acoustic-Disco.\u00a0<\/strong>Bei der ersten Ausgabe der Acoustic Night d\u00fcrfen wir euch den Ausnahmemusiker\u00a0<strong><a href=\"https:\/\/www.facebook.com\/Migre-Le-Tigre-197327033670944\/\" target=\"_blank\">Migre le Tigre<\/a><\/strong>\u00a0pr\u00e4sentieren. Ein unglaublich guter\u00a0Gitarrist und S\u00e4nger, der es beherrscht,\u00a0sch\u00f6ne Melodien zu kreieren und Songs zu schreiben, die unter die Haut gehen. Reinh\u00f6ren:<\/p>\n<p><iframe loading=\"lazy\" src=\"https:\/\/www.youtube.com\/embed\/c9KP_V7ZUV0\" width=\"560\" height=\"110\" frameborder=\"0\" allowfullscreen=\"allowfullscreen\"><\/iframe><\/p>\n<p>&nbsp;<\/p>\n<h2><strong>IN BETWEEN GREEN<\/strong><\/h2>\n<p><img loading=\"lazy\" decoding=\"async\" class=\"alignnone size-large wp-image-131\" src=\"https:\/\/www.kulturei.ch\/wp-content\/uploads\/2015\/10\/Unbenannt-1024x5101-1024x510.jpg\" alt=\"Unbenannt-1024x510\" width=\"640\" height=\"319\" srcset=\"https:\/\/www.kulturei.ch\/wp-content\/uploads\/2015\/10\/Unbenannt-1024x5101.jpg 1024w, https:\/\/www.kulturei.ch\/wp-content\/uploads\/2015\/10\/Unbenannt-1024x5101-300x149.jpg 300w\" sizes=\"auto, (max-width: 640px) 100vw, 640px\" \/><\/p>\n<p>Weiter freuen wir uns extrem auf\u00a0das Berner Folk-Duo\u00a0<strong><a href=\"https:\/\/www.facebook.com\/inbetweengreen\/\" target=\"_blank\">In Between Green<\/a><\/strong>.\u00a0Aufs Maximum reduziert mit Geige, Gitarre und Gesang geben Lu und Jo\u00ebl mal treibende, irisch-amerikanische Tunes, mal ruhige und stimmige Songs zum Besten. Es erwartet Dich ein gem\u00fctliches, unkompliziertes Duo mit eigenem Repertoire, das mit ein paar Folk-Covers vers\u00fcsst wird.<br \/>\n<iframe loading=\"lazy\" src=\"https:\/\/www.youtube.com\/embed\/NZStIMm_J0s\" width=\"560\" height=\"110\" frameborder=\"0\" allowfullscreen=\"allowfullscreen\"><\/iframe><\/p>\n<p>Eintritt frei. Kollekte.<\/p>\n","protected":false},"excerpt":{"rendered":"<p>Zum ersten Mal findet im Sternen Pub in Sumiswald-Gr\u00fcnen eine Acoustic Night statt. Das heisst Live Musik, gem\u00fctliches Beisammensein und gen\u00fcgend zu trinken! MIGRE LE TIGRE One-Man-Acoustic-Disco.\u00a0Bei der ersten Ausgabe der Acoustic Night d\u00fcrfen wir euch den Ausnahmemusiker\u00a0Migre le Tigre\u00a0pr\u00e4sentieren. &hellip; <a href=\"https:\/\/www.kulturei.ch\/?tribe_events=acoustic-night\">Weiterlesen <span class=\"meta-nav\">&rarr;<\/span><\/a><\/p>\n","protected":false},"author":1,"featured_media":0,"comment_status":"closed","ping_status":"closed","template":"","meta":{"_price":"","_stock":"","_tribe_ticket_header":"","_tribe_default_ticket_provider":"","_tribe_ticket_capacity":"0","_ticket_start_date":"","_ticket_end_date":"","_tribe_ticket_show_description":"","_tribe_ticket_show_not_going":false,"_tribe_ticket_use_global_stock":"","_tribe_ticket_global_stock_level":"","_global_stock_mode":"","_global_stock_cap":"","_tribe_rsvp_for_event":"","_tribe_ticket_going_count":"","_tribe_ticket_not_going_count":"","_tribe_tickets_list":"[]","_tribe_ticket_has_attendee_info_fields":false,"_tribe_events_status":"","_tribe_events_status_reason":"","footnotes":"","_tec_slr_enabled":"","_tec_slr_layout":""},"tags":[],"tribe_events_cat":[],"class_list":["post-124","tribe_events","type-tribe_events","status-publish","hentry"],"ticketed":false,"_links":{"self":[{"href":"https:\/\/www.kulturei.ch\/index.php?rest_route=\/wp\/v2\/tribe_events\/124","targetHints":{"allow":["GET"]}}],"collection":[{"href":"https:\/\/www.kulturei.ch\/index.php?rest_route=\/wp\/v2\/tribe_events"}],"about":[{"href":"https:\/\/www.kulturei.ch\/index.php?rest_route=\/wp\/v2\/types\/tribe_events"}],"author":[{"embeddable":true,"href":"https:\/\/www.kulturei.ch\/index.php?rest_route=\/wp\/v2\/users\/1"}],"replies":[{"embeddable":true,"href":"https:\/\/www.kulturei.ch\/index.php?rest_route=%2Fwp%2Fv2%2Fcomments&post=124"}],"version-history":[{"count":1,"href":"https:\/\/www.kulturei.ch\/index.php?rest_route=\/wp\/v2\/tribe_events\/124\/revisions"}],"predecessor-version":[{"id":127,"href":"https:\/\/www.kulturei.ch\/index.php?rest_route=\/wp\/v2\/tribe_events\/124\/revisions\/127"}],"wp:attachment":[{"href":"https:\/\/www.kulturei.ch\/index.php?rest_route=%2Fwp%2Fv2%2Fmedia&parent=124"}],"wp:term":[{"taxonomy":"post_tag","embeddable":true,"href":"https:\/\/www.kulturei.ch\/index.php?rest_route=%2Fwp%2Fv2%2Ftags&post=124"},{"taxonomy":"tribe_events_cat","embeddable":true,"href":"https:\/\/www.kulturei.ch\/index.php?rest_route=%2Fwp%2Fv2%2Ftribe_events_cat&post=124"}],"curies":[{"name":"wp","href":"https:\/\/api.w.org\/{rel}","templated":true}]}}

<p>Zum ersten Mal findet im Sternen Pub in Sumiswald-Grünen eine Acoustic Night statt. Das heisst Live Musik, gemütliches Beisammensein und genügend zu trinken!</p>
<h2><strong>MIGRE LE TIGRE</strong></h2>
<p><img loading="lazy" decoding="async" class="alignnone wp-image-129" src="https://www.kulturei.ch/wp-content/uploads/2015/10/Unbenannt-1024x510.jpg" alt="Unbenannt" width="560" height="279" srcset="https://www.kulturei.ch/wp-content/uploads/2015/10/Unbenannt-1024x510.jpg 1024w, https://www.kulturei.ch/wp-content/uploads/2015/10/Unbenannt-300x149.jpg 300w, https://www.kulturei.ch/wp-content/uploads/2015/10/Unbenannt.jpg 1050w" sizes="auto, (max-width: 560px) 100vw, 560px" /></p>
<p><strong>One-Man-Acoustic-Disco. </strong>Bei der ersten Ausgabe der Acoustic Night dürfen wir euch den Ausnahmemusiker <strong><a href="https://www.facebook.com/Migre-Le-Tigre-197327033670944/" target="_blank">Migre le Tigre</a></strong> präsentieren. Ein unglaublich guter Gitarrist und Sänger, der es beherrscht, schöne Melodien zu kreieren und Songs zu schreiben, die unter die Haut gehen. Reinhören:</p>
<p><iframe loading="lazy" src="https://www.youtube.com/embed/c9KP_V7ZUV0" width="560" height="110" frameborder="0" allowfullscreen="allowfullscreen"></iframe></p>
<p>&nbsp;</p>
<h2><strong>IN BETWEEN GREEN</strong></h2>
<p><img loading="lazy" decoding="async" class="alignnone size-large wp-image-131" src="https://www.kulturei.ch/wp-content/uploads/2015/10/Unbenannt-1024x5101-1024x510.jpg" alt="Unbenannt-1024x510" width="640" height="319" srcset="https://www.kulturei.ch/wp-content/uploads/2015/10/Unbenannt-1024x5101.jpg 1024w, https://www.kulturei.ch/wp-content/uploads/2015/10/Unbenannt-1024x5101-300x149.jpg 300w" sizes="auto, (max-width: 640px) 100vw, 640px" /></p>
<p>Weiter freuen wir uns extrem auf das Berner Folk-Duo <strong><a href="https://www.facebook.com/inbetweengreen/" target="_blank">In Between Green</a></strong>. Aufs Maximum reduziert mit Geige, Gitarre und Gesang geben Lu und Joël mal treibende, irisch-amerikanische Tunes, mal ruhige und stimmige Songs zum Besten. Es erwartet Dich ein gemütliches, unkompliziertes Duo mit eigenem Repertoire, das mit ein paar Folk-Covers versüsst wird.<br />
<iframe loading="lazy" src="https://www.youtube.com/embed/NZStIMm_J0s" width="560" height="110" frameborder="0" allowfullscreen="allowfullscreen"></iframe></p>
<p>Eintritt frei. Kollekte.</p>

<p>Zum ersten Mal findet im Sternen Pub in Sumiswald-Grünen eine Acoustic Night statt. Das heisst Live Musik, gemütliches Beisammensein und genügend zu trinken! MIGRE LE TIGRE One-Man-Acoustic-Disco. Bei der ersten Ausgabe der Acoustic Night dürfen wir euch den Ausnahmemusiker Migre le Tigre präsentieren. &hellip; <a href="https://www.kulturei.ch/?tribe_events=acoustic-night">Weiterlesen <span class="meta-nav">&rarr;</span></a></p>
