{"id":123,"date":"2015-10-23T15:24:10","date_gmt":"2015-10-23T13:24:10","guid":{"rendered":"http:\/\/www.kulturei.ch\/?post_type=tribe_events&#038;p=123"},"modified":"2016-02-29T11:36:33","modified_gmt":"2016-02-29T10:36:33","slug":"kurzfilmabend-mit-heinz-gerber","status":"publish","type":"tribe_events","link":"https:\/\/www.kulturei.ch\/?tribe_events=kurzfilmabend-mit-heinz-gerber","title":{"rendered":"Kurzfilmabend (mit Heinz Gerber)"},"content":{"rendered":"<p>Ein Abend mit <a href=\"https:\/\/www.kulturei.ch\/?page_id=64\" target=\"_blank\">Kurzfilmwettbewerb<\/a>, Kurzfilmen von <a href=\"http:\/\/www.rosenzeit.ch\" target=\"_blank\">Heinz Gerber<\/a>\u00a0und Musik von <a href=\"http:\/\/www.hiesix.ch\" target=\"_blank\">Hiesix<\/a>.<\/p>\n<p>Ablauf des Abends:<br \/>\n&#8211; 20.00 Musik &#171;Hiesix&#187;<br \/>\n&#8211; 20:10 Begr\u00fcssung &#038; Kurzfilme von Heinz Gerber<br \/>\n&#8211; 20:50 Ap\u00e9ro \/ Pause<br \/>\n&#8211; 21:10 Musik &#171;Hiesix&#187;<br \/>\n&#8211; 21:20 Vorf\u00fchrung der eingereichten Wettbewerbsfilme &#038; Preisverleihung<br \/>\n&#8211; 21:50 Kurzfilme von Heinz Gerber<br \/>\n&#8211; 22:20 Musik von &#171;Hiesix&#187;<br \/>\n&#8211; 22:30 Ende<\/p>\n<p>(Die Zeiten sind Annahmen und k\u00f6nnen sich ver\u00e4ndern (zb wegen l\u00e4ngeren Pausen).<\/p>\n","protected":false},"excerpt":{"rendered":"<p>Ein Abend mit Kurzfilmwettbewerb, Kurzfilmen von Heinz Gerber\u00a0und Musik von Hiesix. Ablauf des Abends: &#8211; 20.00 Musik &#171;Hiesix&#187; &#8211; 20:10 Begr\u00fcssung &#038; Kurzfilme von Heinz Gerber &#8211; 20:50 Ap\u00e9ro \/ Pause &#8211; 21:10 Musik &#171;Hiesix&#187; &#8211; 21:20 Vorf\u00fchrung der eingereichten &hellip; <a href=\"https:\/\/www.kulturei.ch\/?tribe_events=kurzfilmabend-mit-heinz-gerber\">Weiterlesen <span class=\"meta-nav\">&rarr;<\/span><\/a><\/p>\n","protected":false},"author":1,"featured_media":0,"comment_status":"closed","ping_status":"closed","template":"","meta":{"_price":"","_stock":"","_tribe_ticket_header":"","_tribe_default_ticket_provider":"","_tribe_ticket_capacity":"0","_ticket_start_date":"","_ticket_end_date":"","_tribe_ticket_show_description":"","_tribe_ticket_show_not_going":false,"_tribe_ticket_use_global_stock":"","_tribe_ticket_global_stock_level":"","_global_stock_mode":"","_global_stock_cap":"","_tribe_rsvp_for_event":"","_tribe_ticket_going_count":"","_tribe_ticket_not_going_count":"","_tribe_tickets_list":"[]","_tribe_ticket_has_attendee_info_fields":false,"_tribe_events_status":"","_tribe_events_status_reason":"","footnotes":"","_tec_slr_enabled":"","_tec_slr_layout":""},"tags":[],"tribe_events_cat":[],"class_list":["post-123","tribe_events","type-tribe_events","status-publish","hentry"],"ticketed":false,"_links":{"self":[{"href":"https:\/\/www.kulturei.ch\/index.php?rest_route=\/wp\/v2\/tribe_events\/123","targetHints":{"allow":["GET"]}}],"collection":[{"href":"https:\/\/www.kulturei.ch\/index.php?rest_route=\/wp\/v2\/tribe_events"}],"about":[{"href":"https:\/\/www.kulturei.ch\/index.php?rest_route=\/wp\/v2\/types\/tribe_events"}],"author":[{"embeddable":true,"href":"https:\/\/www.kulturei.ch\/index.php?rest_route=\/wp\/v2\/users\/1"}],"replies":[{"embeddable":true,"href":"https:\/\/www.kulturei.ch\/index.php?rest_route=%2Fwp%2Fv2%2Fcomments&post=123"}],"version-history":[{"count":1,"href":"https:\/\/www.kulturei.ch\/index.php?rest_route=\/wp\/v2\/tribe_events\/123\/revisions"}],"predecessor-version":[{"id":157,"href":"https:\/\/www.kulturei.ch\/index.php?rest_route=\/wp\/v2\/tribe_events\/123\/revisions\/157"}],"wp:attachment":[{"href":"https:\/\/www.kulturei.ch\/index.php?rest_route=%2Fwp%2Fv2%2Fmedia&parent=123"}],"wp:term":[{"taxonomy":"post_tag","embeddable":true,"href":"https:\/\/www.kulturei.ch\/index.php?rest_route=%2Fwp%2Fv2%2Ftags&post=123"},{"taxonomy":"tribe_events_cat","embeddable":true,"href":"https:\/\/www.kulturei.ch\/index.php?rest_route=%2Fwp%2Fv2%2Ftribe_events_cat&post=123"}],"curies":[{"name":"wp","href":"https:\/\/api.w.org\/{rel}","templated":true}]}}

<p>Ein Abend mit <a href="https://www.kulturei.ch/?page_id=64" target="_blank">Kurzfilmwettbewerb</a>, Kurzfilmen von <a href="http://www.rosenzeit.ch" target="_blank">Heinz Gerber</a> und Musik von <a href="http://www.hiesix.ch" target="_blank">Hiesix</a>.</p>
<p>Ablauf des Abends:<br />
&#8211; 20.00 Musik &#171;Hiesix&#187;<br />
&#8211; 20:10 Begrüssung &#038; Kurzfilme von Heinz Gerber<br />
&#8211; 20:50 Apéro / Pause<br />
&#8211; 21:10 Musik &#171;Hiesix&#187;<br />
&#8211; 21:20 Vorführung der eingereichten Wettbewerbsfilme &#038; Preisverleihung<br />
&#8211; 21:50 Kurzfilme von Heinz Gerber<br />
&#8211; 22:20 Musik von &#171;Hiesix&#187;<br />
&#8211; 22:30 Ende</p>
<p>(Die Zeiten sind Annahmen und können sich verändern (zb wegen längeren Pausen).</p>

<p>Ein Abend mit Kurzfilmwettbewerb, Kurzfilmen von Heinz Gerber und Musik von Hiesix. Ablauf des Abends: &#8211; 20.00 Musik &#171;Hiesix&#187; &#8211; 20:10 Begrüssung &#038; Kurzfilme von Heinz Gerber &#8211; 20:50 Apéro / Pause &#8211; 21:10 Musik &#171;Hiesix&#187; &#8211; 21:20 Vorführung der eingereichten &hellip; <a href="https://www.kulturei.ch/?tribe_events=kurzfilmabend-mit-heinz-gerber">Weiterlesen <span class="meta-nav">&rarr;</span></a></p>
