{"id":1187,"date":"2022-10-18T14:38:06","date_gmt":"2022-10-18T12:38:06","guid":{"rendered":"http:\/\/www.kulturei.ch\/?post_type=tribe_events&#038;p=1187"},"modified":"2022-10-18T14:38:06","modified_gmt":"2022-10-18T12:38:06","slug":"architekturfuehrung-luzern-mit-dieter-schnell","status":"publish","type":"tribe_events","link":"https:\/\/www.kulturei.ch\/?tribe_events=architekturfuehrung-luzern-mit-dieter-schnell","title":{"rendered":"Architekturf\u00fchrung Luzern mit Dieter Schnell"},"content":{"rendered":"<p><strong>Architekturspatziergang in Luzern<br \/>\n<\/strong>zu Fuss: ca. 4km in ca. 3 Stunden, Mittagessen und Bahnreise<\/p>\n<p>\u00dcber Luzern weiss ein Nicht-Luzerner, dass viele Touristen aus Asien dorthin reisen &#8211; weshalb genau, weiss man allerdings nicht. Man kennt die Kappelbr\u00fccke und das KKL, damit hat es sich in der Regel. Doch zum einen hat die Altstadt von Luzern deutlich mehr zu bieten als diese zwei Bauwerke, zum anderen hat das Basler Architekturb\u00fcro Miller Maranta beim Gletschergarten eine neue architektonische Attraktion errichtet. Zudem baut das Berner Architekturb\u00fcro Rolf M\u00fchlethaler s\u00fcdlich des Bahnhofs ein neues Wohnquartier im ehemaligen Industriegebiet.<\/p>\n<p>\u00dcberraschendes verspricht die Architekturf\u00fchrung in Luzern unter kundiger F\u00fchrung von Dieter Schnell. Wie jedes Jahr erl\u00e4utert der Architektur-Kunsthistoriker anschaulich eine spannende Handvoll Bauwerke und Projekte. Dieser Anlass bewirkt, dass Sie bei jedem zuk\u00fcnftigem Besuch die Stadt Luzern mit neuen Augen betrachten werden.<br \/>\n<strong><br \/>\nKosten: <\/strong>Reisespesen und Verpflegung<\/p>\n<p>Details der F\u00fchrung werden am <a href=\"https:\/\/www.kulturei.ch\/?tribe_events=architekturvortrag-unerwartetes-in-luzern-mit-dieter-schnell\">Vortrag<\/a> bekannt gegeben.<\/p>\n","protected":false},"excerpt":{"rendered":"<p>Architekturspatziergang in Luzern zu Fuss: ca. 4km in ca. 3 Stunden, Mittagessen und Bahnreise \u00dcber Luzern weiss ein Nicht-Luzerner, dass viele Touristen aus Asien dorthin reisen &#8211; weshalb genau, weiss man allerdings nicht. Man kennt die Kappelbr\u00fccke und das KKL, &hellip; <a href=\"https:\/\/www.kulturei.ch\/?tribe_events=architekturfuehrung-luzern-mit-dieter-schnell\">Weiterlesen <span class=\"meta-nav\">&rarr;<\/span><\/a><\/p>\n","protected":false},"author":1,"featured_media":1185,"comment_status":"closed","ping_status":"closed","template":"","meta":{"_price":"","_stock":"","_tribe_ticket_header":"","_tribe_default_ticket_provider":"","_tribe_ticket_capacity":"0","_ticket_start_date":"","_ticket_end_date":"","_tribe_ticket_show_description":"","_tribe_ticket_show_not_going":false,"_tribe_ticket_use_global_stock":"","_tribe_ticket_global_stock_level":"","_global_stock_mode":"","_global_stock_cap":"","_tribe_rsvp_for_event":"","_tribe_ticket_going_count":"","_tribe_ticket_not_going_count":"","_tribe_tickets_list":"[]","_tribe_ticket_has_attendee_info_fields":false,"_tribe_events_status":"","_tribe_events_status_reason":"","footnotes":"","_tec_slr_enabled":"","_tec_slr_layout":""},"tags":[],"tribe_events_cat":[],"class_list":["post-1187","tribe_events","type-tribe_events","status-publish","has-post-thumbnail","hentry"],"ticketed":false,"_links":{"self":[{"href":"https:\/\/www.kulturei.ch\/index.php?rest_route=\/wp\/v2\/tribe_events\/1187","targetHints":{"allow":["GET"]}}],"collection":[{"href":"https:\/\/www.kulturei.ch\/index.php?rest_route=\/wp\/v2\/tribe_events"}],"about":[{"href":"https:\/\/www.kulturei.ch\/index.php?rest_route=\/wp\/v2\/types\/tribe_events"}],"author":[{"embeddable":true,"href":"https:\/\/www.kulturei.ch\/index.php?rest_route=\/wp\/v2\/users\/1"}],"replies":[{"embeddable":true,"href":"https:\/\/www.kulturei.ch\/index.php?rest_route=%2Fwp%2Fv2%2Fcomments&post=1187"}],"version-history":[{"count":1,"href":"https:\/\/www.kulturei.ch\/index.php?rest_route=\/wp\/v2\/tribe_events\/1187\/revisions"}],"predecessor-version":[{"id":1188,"href":"https:\/\/www.kulturei.ch\/index.php?rest_route=\/wp\/v2\/tribe_events\/1187\/revisions\/1188"}],"wp:featuredmedia":[{"embeddable":true,"href":"https:\/\/www.kulturei.ch\/index.php?rest_route=\/wp\/v2\/media\/1185"}],"wp:attachment":[{"href":"https:\/\/www.kulturei.ch\/index.php?rest_route=%2Fwp%2Fv2%2Fmedia&parent=1187"}],"wp:term":[{"taxonomy":"post_tag","embeddable":true,"href":"https:\/\/www.kulturei.ch\/index.php?rest_route=%2Fwp%2Fv2%2Ftags&post=1187"},{"taxonomy":"tribe_events_cat","embeddable":true,"href":"https:\/\/www.kulturei.ch\/index.php?rest_route=%2Fwp%2Fv2%2Ftribe_events_cat&post=1187"}],"curies":[{"name":"wp","href":"https:\/\/api.w.org\/{rel}","templated":true}]}}

Architekturführung Luzern mit Dieter Schnell

<p><strong>Architekturspatziergang in Luzern<br />
</strong>zu Fuss: ca. 4km in ca. 3 Stunden, Mittagessen und Bahnreise</p>
<p>Über Luzern weiss ein Nicht-Luzerner, dass viele Touristen aus Asien dorthin reisen &#8211; weshalb genau, weiss man allerdings nicht. Man kennt die Kappelbrücke und das KKL, damit hat es sich in der Regel. Doch zum einen hat die Altstadt von Luzern deutlich mehr zu bieten als diese zwei Bauwerke, zum anderen hat das Basler Architekturbüro Miller Maranta beim Gletschergarten eine neue architektonische Attraktion errichtet. Zudem baut das Berner Architekturbüro Rolf Mühlethaler südlich des Bahnhofs ein neues Wohnquartier im ehemaligen Industriegebiet.</p>
<p>Überraschendes verspricht die Architekturführung in Luzern unter kundiger Führung von Dieter Schnell. Wie jedes Jahr erläutert der Architektur-Kunsthistoriker anschaulich eine spannende Handvoll Bauwerke und Projekte. Dieser Anlass bewirkt, dass Sie bei jedem zukünftigem Besuch die Stadt Luzern mit neuen Augen betrachten werden.<br />
<strong><br />
Kosten: </strong>Reisespesen und Verpflegung</p>
<p>Details der Führung werden am <a href="https://www.kulturei.ch/?tribe_events=architekturvortrag-unerwartetes-in-luzern-mit-dieter-schnell">Vortrag</a> bekannt gegeben.</p>

<p>Architekturspatziergang in Luzern zu Fuss: ca. 4km in ca. 3 Stunden, Mittagessen und Bahnreise Über Luzern weiss ein Nicht-Luzerner, dass viele Touristen aus Asien dorthin reisen &#8211; weshalb genau, weiss man allerdings nicht. Man kennt die Kappelbrücke und das KKL, &hellip; <a href="https://www.kulturei.ch/?tribe_events=architekturfuehrung-luzern-mit-dieter-schnell">Weiterlesen <span class="meta-nav">&rarr;</span></a></p>
