{"id":1180,"date":"2022-10-20T15:57:04","date_gmt":"2022-10-20T13:57:04","guid":{"rendered":"http:\/\/www.kulturei.ch\/?post_type=tribe_events&#038;p=1180"},"modified":"2022-10-20T16:07:04","modified_gmt":"2022-10-20T14:07:04","slug":"stefan-heuss-die-groessten-schweizer-patente","status":"publish","type":"tribe_events","link":"https:\/\/www.kulturei.ch\/?tribe_events=stefan-heuss-die-groessten-schweizer-patente","title":{"rendered":"Stefan Heuss &#8211; &#171;Die gr\u00f6ssten Schweizer Patente&#187;"},"content":{"rendered":"<p><strong>Stefan Heuss<\/strong> kennen die meisten vom Fernsehen: als Erfinder skurriler Maschinen brachte er das Publikum von \u201eGiacobbo\/M\u00fcller\u201c regelm\u00e4ssig zum Lachen. In seinem abendf\u00fcllenden musikalisch-technischen B\u00fchnenprogramm \u201eDie gr\u00f6ssten Schweizer Patente\u201c pr\u00e4sentiert er eine Kollektion seiner liebsten Prototypen.<br \/>\nUnterst\u00fctzt wird er vom \u201eInnovationsorchester\u201c, bestehend aus dem Musiker Dide Marfurt, einem Multi-Instrumentalisten, der in der modernen Schweizer Volksmusikszene eine feste Gr\u00f6sse ist.<\/p>\n<p><strong>T\u00fcr\u00f6ffnung:<\/strong> 19:30 Uhr \/ <strong>Vorstellungsbeginn: <\/strong> 20:00 Uhr<br \/>\n<strong>Eintritt: <\/strong>CHF 30.-<br \/>\n<strong>Mitglieder Kulturei: <\/strong>Erm\u00e4ssigung CHF 5.-<br \/>\n<strong>Sch\u00fcler\/innen: <\/strong>gratis<\/p>\n","protected":false},"excerpt":{"rendered":"<p>Stefan Heuss kennen die meisten vom Fernsehen: als Erfinder skurriler Maschinen brachte er das Publikum von \u201eGiacobbo\/M\u00fcller\u201c regelm\u00e4ssig zum Lachen. In seinem abendf\u00fcllenden musikalisch-technischen B\u00fchnenprogramm \u201eDie gr\u00f6ssten Schweizer Patente\u201c pr\u00e4sentiert er eine Kollektion seiner liebsten Prototypen. Unterst\u00fctzt wird er vom &hellip; <a href=\"https:\/\/www.kulturei.ch\/?tribe_events=stefan-heuss-die-groessten-schweizer-patente\">Weiterlesen <span class=\"meta-nav\">&rarr;<\/span><\/a><\/p>\n","protected":false},"author":1,"featured_media":1181,"comment_status":"closed","ping_status":"closed","template":"","meta":{"_price":"","_stock":"","_tribe_ticket_header":"","_tribe_default_ticket_provider":"","_tribe_ticket_capacity":"","_ticket_start_date":"","_ticket_end_date":"","_tribe_ticket_show_description":"","_tribe_ticket_show_not_going":false,"_tribe_ticket_use_global_stock":"","_tribe_ticket_global_stock_level":"","_global_stock_mode":"","_global_stock_cap":"","_tribe_rsvp_for_event":"","_tribe_ticket_going_count":"","_tribe_ticket_not_going_count":"","_tribe_tickets_list":"[]","_tribe_ticket_has_attendee_info_fields":false,"_tribe_events_status":"","_tribe_events_status_reason":"","footnotes":"","_tec_slr_enabled":"","_tec_slr_layout":""},"tags":[],"tribe_events_cat":[],"class_list":["post-1180","tribe_events","type-tribe_events","status-publish","has-post-thumbnail","hentry"],"ticketed":["rsvp"],"_links":{"self":[{"href":"https:\/\/www.kulturei.ch\/index.php?rest_route=\/wp\/v2\/tribe_events\/1180","targetHints":{"allow":["GET"]}}],"collection":[{"href":"https:\/\/www.kulturei.ch\/index.php?rest_route=\/wp\/v2\/tribe_events"}],"about":[{"href":"https:\/\/www.kulturei.ch\/index.php?rest_route=\/wp\/v2\/types\/tribe_events"}],"author":[{"embeddable":true,"href":"https:\/\/www.kulturei.ch\/index.php?rest_route=\/wp\/v2\/users\/1"}],"replies":[{"embeddable":true,"href":"https:\/\/www.kulturei.ch\/index.php?rest_route=%2Fwp%2Fv2%2Fcomments&post=1180"}],"version-history":[{"count":1,"href":"https:\/\/www.kulturei.ch\/index.php?rest_route=\/wp\/v2\/tribe_events\/1180\/revisions"}],"predecessor-version":[{"id":1182,"href":"https:\/\/www.kulturei.ch\/index.php?rest_route=\/wp\/v2\/tribe_events\/1180\/revisions\/1182"}],"wp:featuredmedia":[{"embeddable":true,"href":"https:\/\/www.kulturei.ch\/index.php?rest_route=\/wp\/v2\/media\/1181"}],"wp:attachment":[{"href":"https:\/\/www.kulturei.ch\/index.php?rest_route=%2Fwp%2Fv2%2Fmedia&parent=1180"}],"wp:term":[{"taxonomy":"post_tag","embeddable":true,"href":"https:\/\/www.kulturei.ch\/index.php?rest_route=%2Fwp%2Fv2%2Ftags&post=1180"},{"taxonomy":"tribe_events_cat","embeddable":true,"href":"https:\/\/www.kulturei.ch\/index.php?rest_route=%2Fwp%2Fv2%2Ftribe_events_cat&post=1180"}],"curies":[{"name":"wp","href":"https:\/\/api.w.org\/{rel}","templated":true}]}}

Stefan Heuss &#8211; &#171;Die grössten Schweizer Patente&#187;

<p><strong>Stefan Heuss</strong> kennen die meisten vom Fernsehen: als Erfinder skurriler Maschinen brachte er das Publikum von „Giacobbo/Müller“ regelmässig zum Lachen. In seinem abendfüllenden musikalisch-technischen Bühnenprogramm „Die grössten Schweizer Patente“ präsentiert er eine Kollektion seiner liebsten Prototypen.<br />
Unterstützt wird er vom „Innovationsorchester“, bestehend aus dem Musiker Dide Marfurt, einem Multi-Instrumentalisten, der in der modernen Schweizer Volksmusikszene eine feste Grösse ist.</p>
<p><strong>Türöffnung:</strong> 19:30 Uhr / <strong>Vorstellungsbeginn: </strong> 20:00 Uhr<br />
<strong>Eintritt: </strong>CHF 30.-<br />
<strong>Mitglieder Kulturei: </strong>Ermässigung CHF 5.-<br />
<strong>Schüler/innen: </strong>gratis</p>

<p>Stefan Heuss kennen die meisten vom Fernsehen: als Erfinder skurriler Maschinen brachte er das Publikum von „Giacobbo/Müller“ regelmässig zum Lachen. In seinem abendfüllenden musikalisch-technischen Bühnenprogramm „Die grössten Schweizer Patente“ präsentiert er eine Kollektion seiner liebsten Prototypen. Unterstützt wird er vom &hellip; <a href="https://www.kulturei.ch/?tribe_events=stefan-heuss-die-groessten-schweizer-patente">Weiterlesen <span class="meta-nav">&rarr;</span></a></p>
