{"id":1176,"date":"2022-10-18T14:03:40","date_gmt":"2022-10-18T12:03:40","guid":{"rendered":"http:\/\/www.kulturei.ch\/?post_type=tribe_events&#038;p=1176"},"modified":"2022-11-11T08:13:02","modified_gmt":"2022-11-11T07:13:02","slug":"trio-note-a-note-der-gestiefelte-kater","status":"publish","type":"tribe_events","link":"https:\/\/www.kulturei.ch\/?tribe_events=trio-note-a-note-der-gestiefelte-kater","title":{"rendered":"Trio Note \u00e0 Note &#8211; &#171;Der gestiefelte Kater&#187;"},"content":{"rendered":"<p><strong>Ein Familienkonzert nach dem M\u00e4rchen der Gebr\u00fcder Grimm<\/strong><\/p>\n<p>Dieses M\u00e4rchen entf\u00fchrt uns in die Welt des listigen gestiefelten Katers, welcher zusammen mit dem beim Erben benachteiligten Sohn eines verstorbenen M\u00fcllers sowohl einen K\u00f6nig als auch einen Zauberer mit ihren eigenen Waffen schl\u00e4gt.<\/p>\n<p>Das Trio Note \u00e0 Note vereint bekannte musikalische Werke gekonnt mit der in Mundart erz\u00e4hlten Geschichte. Aussagekr\u00e4ftige Illustrationen erg\u00e4nzen das Ganze zu einem m\u00e4rchenhaften Gesamtkunstwerk.<\/p>\n<p><strong>Trio Note \u00e0 Note: <\/strong>Livia Gu\u010danin, Sharon Mazzoletti, Joana Quelhas<br \/>\n<strong>Illustrationen: <\/strong>Yasemn G\u00fcnay<br \/>\n<strong>Sprecher:<\/strong> Arion Rudari<\/p>\n<p>Wir freuen uns auf Ihren Besuch!<\/p>\n<p><strong>T\u00fcr\u00f6ffnung: <\/strong>16:00 Uhr \/<strong> Konzertbeginn: <\/strong>16:30 Uhr<strong><br \/>\nEintritt:<\/strong>\u00a0CHF 25.-<br \/>\n<strong>Mitglieder der Kulturei: <\/strong> Erm\u00e4ssigung CHF 5.-<br \/>\n<strong>Kinder<\/strong> (ab 4 Jahre): gratis<\/p>\n","protected":false},"excerpt":{"rendered":"<p>Ein Familienkonzert nach dem M\u00e4rchen der Gebr\u00fcder Grimm Dieses M\u00e4rchen entf\u00fchrt uns in die Welt des listigen gestiefelten Katers, welcher zusammen mit dem beim Erben benachteiligten Sohn eines verstorbenen M\u00fcllers sowohl einen K\u00f6nig als auch einen Zauberer mit ihren eigenen &hellip; <a href=\"https:\/\/www.kulturei.ch\/?tribe_events=trio-note-a-note-der-gestiefelte-kater\">Weiterlesen <span class=\"meta-nav\">&rarr;<\/span><\/a><\/p>\n","protected":false},"author":1,"featured_media":1177,"comment_status":"closed","ping_status":"closed","template":"","meta":{"_price":"","_stock":"","_tribe_ticket_header":"","_tribe_default_ticket_provider":"","_tribe_ticket_capacity":"","_ticket_start_date":"","_ticket_end_date":"","_tribe_ticket_show_description":"","_tribe_ticket_show_not_going":false,"_tribe_ticket_use_global_stock":"","_tribe_ticket_global_stock_level":"","_global_stock_mode":"","_global_stock_cap":"","_tribe_rsvp_for_event":"","_tribe_ticket_going_count":"","_tribe_ticket_not_going_count":"","_tribe_tickets_list":"[]","_tribe_ticket_has_attendee_info_fields":false,"_tribe_events_status":"","_tribe_events_status_reason":"","footnotes":"","_tec_slr_enabled":"","_tec_slr_layout":""},"tags":[],"tribe_events_cat":[],"class_list":["post-1176","tribe_events","type-tribe_events","status-publish","has-post-thumbnail","hentry"],"ticketed":["rsvp"],"_links":{"self":[{"href":"https:\/\/www.kulturei.ch\/index.php?rest_route=\/wp\/v2\/tribe_events\/1176","targetHints":{"allow":["GET"]}}],"collection":[{"href":"https:\/\/www.kulturei.ch\/index.php?rest_route=\/wp\/v2\/tribe_events"}],"about":[{"href":"https:\/\/www.kulturei.ch\/index.php?rest_route=\/wp\/v2\/types\/tribe_events"}],"author":[{"embeddable":true,"href":"https:\/\/www.kulturei.ch\/index.php?rest_route=\/wp\/v2\/users\/1"}],"replies":[{"embeddable":true,"href":"https:\/\/www.kulturei.ch\/index.php?rest_route=%2Fwp%2Fv2%2Fcomments&post=1176"}],"version-history":[{"count":4,"href":"https:\/\/www.kulturei.ch\/index.php?rest_route=\/wp\/v2\/tribe_events\/1176\/revisions"}],"predecessor-version":[{"id":1194,"href":"https:\/\/www.kulturei.ch\/index.php?rest_route=\/wp\/v2\/tribe_events\/1176\/revisions\/1194"}],"wp:featuredmedia":[{"embeddable":true,"href":"https:\/\/www.kulturei.ch\/index.php?rest_route=\/wp\/v2\/media\/1177"}],"wp:attachment":[{"href":"https:\/\/www.kulturei.ch\/index.php?rest_route=%2Fwp%2Fv2%2Fmedia&parent=1176"}],"wp:term":[{"taxonomy":"post_tag","embeddable":true,"href":"https:\/\/www.kulturei.ch\/index.php?rest_route=%2Fwp%2Fv2%2Ftags&post=1176"},{"taxonomy":"tribe_events_cat","embeddable":true,"href":"https:\/\/www.kulturei.ch\/index.php?rest_route=%2Fwp%2Fv2%2Ftribe_events_cat&post=1176"}],"curies":[{"name":"wp","href":"https:\/\/api.w.org\/{rel}","templated":true}]}}

Trio Note à Note &#8211; &#171;Der gestiefelte Kater&#187;

<p><strong>Ein Familienkonzert nach dem Märchen der Gebrüder Grimm</strong></p>
<p>Dieses Märchen entführt uns in die Welt des listigen gestiefelten Katers, welcher zusammen mit dem beim Erben benachteiligten Sohn eines verstorbenen Müllers sowohl einen König als auch einen Zauberer mit ihren eigenen Waffen schlägt.</p>
<p>Das Trio Note à Note vereint bekannte musikalische Werke gekonnt mit der in Mundart erzählten Geschichte. Aussagekräftige Illustrationen ergänzen das Ganze zu einem märchenhaften Gesamtkunstwerk.</p>
<p><strong>Trio Note à Note: </strong>Livia Gučanin, Sharon Mazzoletti, Joana Quelhas<br />
<strong>Illustrationen: </strong>Yasemn Günay<br />
<strong>Sprecher:</strong> Arion Rudari</p>
<p>Wir freuen uns auf Ihren Besuch!</p>
<p><strong>Türöffnung: </strong>16:00 Uhr /<strong> Konzertbeginn: </strong>16:30 Uhr<strong><br />
Eintritt:</strong> CHF 25.-<br />
<strong>Mitglieder der Kulturei: </strong> Ermässigung CHF 5.-<br />
<strong>Kinder</strong> (ab 4 Jahre): gratis</p>

<p>Ein Familienkonzert nach dem Märchen der Gebrüder Grimm Dieses Märchen entführt uns in die Welt des listigen gestiefelten Katers, welcher zusammen mit dem beim Erben benachteiligten Sohn eines verstorbenen Müllers sowohl einen König als auch einen Zauberer mit ihren eigenen &hellip; <a href="https://www.kulturei.ch/?tribe_events=trio-note-a-note-der-gestiefelte-kater">Weiterlesen <span class="meta-nav">&rarr;</span></a></p>
