{"id":1167,"date":"2022-10-18T13:30:00","date_gmt":"2022-10-18T11:30:00","guid":{"rendered":"http:\/\/www.kulturei.ch\/?post_type=tribe_events&#038;p=1167"},"modified":"2022-10-18T13:48:02","modified_gmt":"2022-10-18T11:48:02","slug":"winterreise-von-franz-schubert","status":"publish","type":"tribe_events","link":"https:\/\/www.kulturei.ch\/?tribe_events=winterreise-von-franz-schubert","title":{"rendered":"WINTERREISE von Franz Schubert"},"content":{"rendered":"<p>Musik von Franz Schubert (1827) Texte: Wilhelm M\u00fcller<br \/>\nGesang und Klavier <strong>Markus und Frederic Schikora <\/strong>im Landgasthof B\u00e4ren Sumiswald<\/p>\n<p>Eine musikalische Reise mit szenischen Elementen.<\/p>\n<p><strong>Eintritt:<\/strong> frei, Kollekte<br \/>\n<strong>T\u00fcr\u00f6ffnung:<\/strong> 16:30 Uhr \/ <strong>Konzertbeginn:<\/strong> 17:00 Uhr<\/p>\n","protected":false},"excerpt":{"rendered":"<p>Musik von Franz Schubert (1827) Texte: Wilhelm M\u00fcller Gesang und Klavier Markus und Frederic Schikora im Landgasthof B\u00e4ren Sumiswald Eine musikalische Reise mit szenischen Elementen. Eintritt: frei, Kollekte T\u00fcr\u00f6ffnung: 16:30 Uhr \/ Konzertbeginn: 17:00 Uhr<\/p>\n","protected":false},"author":1,"featured_media":1168,"comment_status":"closed","ping_status":"closed","template":"","meta":{"_price":"","_stock":"","_tribe_ticket_header":"","_tribe_default_ticket_provider":"","_tribe_ticket_capacity":"0","_ticket_start_date":"","_ticket_end_date":"","_tribe_ticket_show_description":"","_tribe_ticket_show_not_going":false,"_tribe_ticket_use_global_stock":"","_tribe_ticket_global_stock_level":"","_global_stock_mode":"","_global_stock_cap":"","_tribe_rsvp_for_event":"","_tribe_ticket_going_count":"","_tribe_ticket_not_going_count":"","_tribe_tickets_list":"[]","_tribe_ticket_has_attendee_info_fields":false,"_tribe_events_status":"","_tribe_events_status_reason":"","footnotes":"","_tec_slr_enabled":"","_tec_slr_layout":""},"tags":[],"tribe_events_cat":[],"class_list":["post-1167","tribe_events","type-tribe_events","status-publish","has-post-thumbnail","hentry"],"ticketed":false,"_links":{"self":[{"href":"https:\/\/www.kulturei.ch\/index.php?rest_route=\/wp\/v2\/tribe_events\/1167","targetHints":{"allow":["GET"]}}],"collection":[{"href":"https:\/\/www.kulturei.ch\/index.php?rest_route=\/wp\/v2\/tribe_events"}],"about":[{"href":"https:\/\/www.kulturei.ch\/index.php?rest_route=\/wp\/v2\/types\/tribe_events"}],"author":[{"embeddable":true,"href":"https:\/\/www.kulturei.ch\/index.php?rest_route=\/wp\/v2\/users\/1"}],"replies":[{"embeddable":true,"href":"https:\/\/www.kulturei.ch\/index.php?rest_route=%2Fwp%2Fv2%2Fcomments&post=1167"}],"version-history":[{"count":1,"href":"https:\/\/www.kulturei.ch\/index.php?rest_route=\/wp\/v2\/tribe_events\/1167\/revisions"}],"predecessor-version":[{"id":1169,"href":"https:\/\/www.kulturei.ch\/index.php?rest_route=\/wp\/v2\/tribe_events\/1167\/revisions\/1169"}],"wp:featuredmedia":[{"embeddable":true,"href":"https:\/\/www.kulturei.ch\/index.php?rest_route=\/wp\/v2\/media\/1168"}],"wp:attachment":[{"href":"https:\/\/www.kulturei.ch\/index.php?rest_route=%2Fwp%2Fv2%2Fmedia&parent=1167"}],"wp:term":[{"taxonomy":"post_tag","embeddable":true,"href":"https:\/\/www.kulturei.ch\/index.php?rest_route=%2Fwp%2Fv2%2Ftags&post=1167"},{"taxonomy":"tribe_events_cat","embeddable":true,"href":"https:\/\/www.kulturei.ch\/index.php?rest_route=%2Fwp%2Fv2%2Ftribe_events_cat&post=1167"}],"curies":[{"name":"wp","href":"https:\/\/api.w.org\/{rel}","templated":true}]}}

<p>Musik von Franz Schubert (1827) Texte: Wilhelm Müller<br />
Gesang und Klavier <strong>Markus und Frederic Schikora </strong>im Landgasthof Bären Sumiswald</p>
<p>Eine musikalische Reise mit szenischen Elementen.</p>
<p><strong>Eintritt:</strong> frei, Kollekte<br />
<strong>Türöffnung:</strong> 16:30 Uhr / <strong>Konzertbeginn:</strong> 17:00 Uhr</p>

<p>Musik von Franz Schubert (1827) Texte: Wilhelm Müller Gesang und Klavier Markus und Frederic Schikora im Landgasthof Bären Sumiswald Eine musikalische Reise mit szenischen Elementen. Eintritt: frei, Kollekte Türöffnung: 16:30 Uhr / Konzertbeginn: 17:00 Uhr</p>
