{"id":1101,"date":"2022-02-28T11:16:42","date_gmt":"2022-02-28T10:16:42","guid":{"rendered":"http:\/\/www.kulturei.ch\/?post_type=tribe_events&#038;p=1101"},"modified":"2022-02-28T11:16:42","modified_gmt":"2022-02-28T10:16:42","slug":"architekturfuehrung-winterthur-mit-dieter-schnell","status":"publish","type":"tribe_events","link":"https:\/\/www.kulturei.ch\/?tribe_events=architekturfuehrung-winterthur-mit-dieter-schnell","title":{"rendered":"Architekturf\u00fchrung Winterthur mit Dieter Schnell"},"content":{"rendered":"<p><strong>Architekturspaziergang in Winterthur<\/strong><br \/>\nzu Fuss: ca. 4 km in ca. 3 Stunden, Mittagessen und Bahnreise<\/p>\n<p>Die Stadt Winterthur steht seit Jahrhunderten im Schatten von Z\u00fcrich und<br \/>\ndoch leistet sie sich ein eigenes Gesicht, das immer wieder \u00fcberraschend<br \/>\neigenst\u00e4ndig ist. Keine andere Stadt im Einflussgebiet von Z\u00fcrich tritt so<br \/>\nselbstbewusst auf und ist damit so erfolgreich wie Winterthur. Private Kunstsammlungen aber auch die Fotostiftung Schweiz sind l\u00e4ngst bekannt. Immer<br \/>\nwieder macht Winterthur auch in der Architektur von sich reden. Wir wollen<br \/>\nuns in einem Spaziergang sowohl die Altstadt, das Stadthaus von Gottfried<br \/>\nSemper, die typischen Gartensiedlungen als auch die aktuelle Umgestaltung<br \/>\ndes Sulzer-Industrieareals etwas genauer ansehen.<\/p>\n<p><strong>Details der F\u00fchrung werden am <a href=\"https:\/\/www.kulturei.ch\/?tribe_events=architekturvortrag-winterthur-mit-dieter-schnell\">Vortrag <\/a>bekannt gegeben.<br \/>\nKosten:\u00a0<\/strong>Reisespesen und Verpflegung<\/p>\n<p>&nbsp;<\/p>\n","protected":false},"excerpt":{"rendered":"<p>Architekturspaziergang in Winterthur zu Fuss: ca. 4 km in ca. 3 Stunden, Mittagessen und Bahnreise Die Stadt Winterthur steht seit Jahrhunderten im Schatten von Z\u00fcrich und doch leistet sie sich ein eigenes Gesicht, das immer wieder \u00fcberraschend eigenst\u00e4ndig ist. Keine &hellip; <a href=\"https:\/\/www.kulturei.ch\/?tribe_events=architekturfuehrung-winterthur-mit-dieter-schnell\">Weiterlesen <span class=\"meta-nav\">&rarr;<\/span><\/a><\/p>\n","protected":false},"author":1,"featured_media":1099,"comment_status":"closed","ping_status":"closed","template":"","meta":{"_price":"","_stock":"","_tribe_ticket_header":"","_tribe_default_ticket_provider":"","_tribe_ticket_capacity":"0","_ticket_start_date":"","_ticket_end_date":"","_tribe_ticket_show_description":"","_tribe_ticket_show_not_going":false,"_tribe_ticket_use_global_stock":"","_tribe_ticket_global_stock_level":"","_global_stock_mode":"","_global_stock_cap":"","_tribe_rsvp_for_event":"","_tribe_ticket_going_count":"","_tribe_ticket_not_going_count":"","_tribe_tickets_list":"[]","_tribe_ticket_has_attendee_info_fields":false,"_tribe_events_status":"","_tribe_events_status_reason":"","footnotes":"","_tec_slr_enabled":"","_tec_slr_layout":""},"tags":[],"tribe_events_cat":[],"class_list":["post-1101","tribe_events","type-tribe_events","status-publish","has-post-thumbnail","hentry"],"ticketed":false,"_links":{"self":[{"href":"https:\/\/www.kulturei.ch\/index.php?rest_route=\/wp\/v2\/tribe_events\/1101","targetHints":{"allow":["GET"]}}],"collection":[{"href":"https:\/\/www.kulturei.ch\/index.php?rest_route=\/wp\/v2\/tribe_events"}],"about":[{"href":"https:\/\/www.kulturei.ch\/index.php?rest_route=\/wp\/v2\/types\/tribe_events"}],"author":[{"embeddable":true,"href":"https:\/\/www.kulturei.ch\/index.php?rest_route=\/wp\/v2\/users\/1"}],"replies":[{"embeddable":true,"href":"https:\/\/www.kulturei.ch\/index.php?rest_route=%2Fwp%2Fv2%2Fcomments&post=1101"}],"version-history":[{"count":1,"href":"https:\/\/www.kulturei.ch\/index.php?rest_route=\/wp\/v2\/tribe_events\/1101\/revisions"}],"predecessor-version":[{"id":1102,"href":"https:\/\/www.kulturei.ch\/index.php?rest_route=\/wp\/v2\/tribe_events\/1101\/revisions\/1102"}],"wp:featuredmedia":[{"embeddable":true,"href":"https:\/\/www.kulturei.ch\/index.php?rest_route=\/wp\/v2\/media\/1099"}],"wp:attachment":[{"href":"https:\/\/www.kulturei.ch\/index.php?rest_route=%2Fwp%2Fv2%2Fmedia&parent=1101"}],"wp:term":[{"taxonomy":"post_tag","embeddable":true,"href":"https:\/\/www.kulturei.ch\/index.php?rest_route=%2Fwp%2Fv2%2Ftags&post=1101"},{"taxonomy":"tribe_events_cat","embeddable":true,"href":"https:\/\/www.kulturei.ch\/index.php?rest_route=%2Fwp%2Fv2%2Ftribe_events_cat&post=1101"}],"curies":[{"name":"wp","href":"https:\/\/api.w.org\/{rel}","templated":true}]}}

Architekturführung Winterthur mit Dieter Schnell

<p><strong>Architekturspaziergang in Winterthur</strong><br />
zu Fuss: ca. 4 km in ca. 3 Stunden, Mittagessen und Bahnreise</p>
<p>Die Stadt Winterthur steht seit Jahrhunderten im Schatten von Zürich und<br />
doch leistet sie sich ein eigenes Gesicht, das immer wieder überraschend<br />
eigenständig ist. Keine andere Stadt im Einflussgebiet von Zürich tritt so<br />
selbstbewusst auf und ist damit so erfolgreich wie Winterthur. Private Kunstsammlungen aber auch die Fotostiftung Schweiz sind längst bekannt. Immer<br />
wieder macht Winterthur auch in der Architektur von sich reden. Wir wollen<br />
uns in einem Spaziergang sowohl die Altstadt, das Stadthaus von Gottfried<br />
Semper, die typischen Gartensiedlungen als auch die aktuelle Umgestaltung<br />
des Sulzer-Industrieareals etwas genauer ansehen.</p>
<p><strong>Details der Führung werden am <a href="https://www.kulturei.ch/?tribe_events=architekturvortrag-winterthur-mit-dieter-schnell">Vortrag </a>bekannt gegeben.<br />
Kosten: </strong>Reisespesen und Verpflegung</p>
<p>&nbsp;</p>

<p>Architekturspaziergang in Winterthur zu Fuss: ca. 4 km in ca. 3 Stunden, Mittagessen und Bahnreise Die Stadt Winterthur steht seit Jahrhunderten im Schatten von Zürich und doch leistet sie sich ein eigenes Gesicht, das immer wieder überraschend eigenständig ist. Keine &hellip; <a href="https://www.kulturei.ch/?tribe_events=architekturfuehrung-winterthur-mit-dieter-schnell">Weiterlesen <span class="meta-nav">&rarr;</span></a></p>
