{"id":1092,"date":"2022-02-28T11:05:06","date_gmt":"2022-02-28T10:05:06","guid":{"rendered":"http:\/\/www.kulturei.ch\/?post_type=tribe_events&#038;p=1092"},"modified":"2022-02-28T11:05:06","modified_gmt":"2022-02-28T10:05:06","slug":"peru-und-bolivien-ein-vortrag-von-daniel-roesti","status":"publish","type":"tribe_events","link":"https:\/\/www.kulturei.ch\/?tribe_events=peru-und-bolivien-ein-vortrag-von-daniel-roesti","title":{"rendered":"Peru und Bolivien &#8211; Ein Vortrag von Daniel Roesti"},"content":{"rendered":"<p>Wir besuchen zuerst die alten St\u00e4tten der Inkas in Cusco und Machu<br \/>\nPicchu. Im Hochland sind wir unterwegs auf dem Titicacasee und auf der<br \/>\nSuche nach wilden Vikunjas und Andenkondoren. Im S\u00fcden Boliviens<br \/>\ndurchqueren wir den gr\u00f6ssten Salzsee der Erde, ziehen an bunten<br \/>\nVulkanen und fantastischen Gesteinsformationen vorbei und erreichen<br \/>\nauf \u00fcber 4000 m H\u00f6he farbenpr\u00e4chtige Lagunen mit br\u00fctenden<br \/>\nFlamingos. Zum Schluss steigen wir hinab in den Tiefland-Regenwald<br \/>\ndes Manu-Nationalparks in Peru, wo wir eine ungeahnte Biodiversit\u00e4t<br \/>\nantreffen.<\/p>\n<p><strong>Ort<\/strong>: Auditorium Forum Sumiswald<br \/>\n<strong>Eintritt<\/strong>: frei, Kollekte<br \/>\n<strong>T\u00fcr\u00f6ffnung<\/strong>: ab 19.30 Uhr \/ <strong>Vortragsbeginn<\/strong>: ab 20.00 Uhr<\/p>\n","protected":false},"excerpt":{"rendered":"<p>Wir besuchen zuerst die alten St\u00e4tten der Inkas in Cusco und Machu Picchu. Im Hochland sind wir unterwegs auf dem Titicacasee und auf der Suche nach wilden Vikunjas und Andenkondoren. Im S\u00fcden Boliviens durchqueren wir den gr\u00f6ssten Salzsee der Erde, &hellip; <a href=\"https:\/\/www.kulturei.ch\/?tribe_events=peru-und-bolivien-ein-vortrag-von-daniel-roesti\">Weiterlesen <span class=\"meta-nav\">&rarr;<\/span><\/a><\/p>\n","protected":false},"author":1,"featured_media":1093,"comment_status":"closed","ping_status":"closed","template":"","meta":{"_price":"","_stock":"","_tribe_ticket_header":"","_tribe_default_ticket_provider":"","_tribe_ticket_capacity":"0","_ticket_start_date":"","_ticket_end_date":"","_tribe_ticket_show_description":"","_tribe_ticket_show_not_going":false,"_tribe_ticket_use_global_stock":"","_tribe_ticket_global_stock_level":"","_global_stock_mode":"","_global_stock_cap":"","_tribe_rsvp_for_event":"","_tribe_ticket_going_count":"","_tribe_ticket_not_going_count":"","_tribe_tickets_list":"[]","_tribe_ticket_has_attendee_info_fields":false,"_tribe_events_status":"","_tribe_events_status_reason":"","footnotes":"","_tec_slr_enabled":"","_tec_slr_layout":""},"tags":[],"tribe_events_cat":[],"class_list":["post-1092","tribe_events","type-tribe_events","status-publish","has-post-thumbnail","hentry"],"ticketed":false,"_links":{"self":[{"href":"https:\/\/www.kulturei.ch\/index.php?rest_route=\/wp\/v2\/tribe_events\/1092","targetHints":{"allow":["GET"]}}],"collection":[{"href":"https:\/\/www.kulturei.ch\/index.php?rest_route=\/wp\/v2\/tribe_events"}],"about":[{"href":"https:\/\/www.kulturei.ch\/index.php?rest_route=\/wp\/v2\/types\/tribe_events"}],"author":[{"embeddable":true,"href":"https:\/\/www.kulturei.ch\/index.php?rest_route=\/wp\/v2\/users\/1"}],"replies":[{"embeddable":true,"href":"https:\/\/www.kulturei.ch\/index.php?rest_route=%2Fwp%2Fv2%2Fcomments&post=1092"}],"version-history":[{"count":1,"href":"https:\/\/www.kulturei.ch\/index.php?rest_route=\/wp\/v2\/tribe_events\/1092\/revisions"}],"predecessor-version":[{"id":1094,"href":"https:\/\/www.kulturei.ch\/index.php?rest_route=\/wp\/v2\/tribe_events\/1092\/revisions\/1094"}],"wp:featuredmedia":[{"embeddable":true,"href":"https:\/\/www.kulturei.ch\/index.php?rest_route=\/wp\/v2\/media\/1093"}],"wp:attachment":[{"href":"https:\/\/www.kulturei.ch\/index.php?rest_route=%2Fwp%2Fv2%2Fmedia&parent=1092"}],"wp:term":[{"taxonomy":"post_tag","embeddable":true,"href":"https:\/\/www.kulturei.ch\/index.php?rest_route=%2Fwp%2Fv2%2Ftags&post=1092"},{"taxonomy":"tribe_events_cat","embeddable":true,"href":"https:\/\/www.kulturei.ch\/index.php?rest_route=%2Fwp%2Fv2%2Ftribe_events_cat&post=1092"}],"curies":[{"name":"wp","href":"https:\/\/api.w.org\/{rel}","templated":true}]}}

<p>Wir besuchen zuerst die alten Stätten der Inkas in Cusco und Machu<br />
Picchu. Im Hochland sind wir unterwegs auf dem Titicacasee und auf der<br />
Suche nach wilden Vikunjas und Andenkondoren. Im Süden Boliviens<br />
durchqueren wir den grössten Salzsee der Erde, ziehen an bunten<br />
Vulkanen und fantastischen Gesteinsformationen vorbei und erreichen<br />
auf über 4000 m Höhe farbenprächtige Lagunen mit brütenden<br />
Flamingos. Zum Schluss steigen wir hinab in den Tiefland-Regenwald<br />
des Manu-Nationalparks in Peru, wo wir eine ungeahnte Biodiversität<br />
antreffen.</p>
<p><strong>Ort</strong>: Auditorium Forum Sumiswald<br />
<strong>Eintritt</strong>: frei, Kollekte<br />
<strong>Türöffnung</strong>: ab 19.30 Uhr / <strong>Vortragsbeginn</strong>: ab 20.00 Uhr</p>

<p>Wir besuchen zuerst die alten Stätten der Inkas in Cusco und Machu Picchu. Im Hochland sind wir unterwegs auf dem Titicacasee und auf der Suche nach wilden Vikunjas und Andenkondoren. Im Süden Boliviens durchqueren wir den grössten Salzsee der Erde, &hellip; <a href="https://www.kulturei.ch/?tribe_events=peru-und-bolivien-ein-vortrag-von-daniel-roesti">Weiterlesen <span class="meta-nav">&rarr;</span></a></p>
