{"id":82,"date":"2015-08-28T17:41:33","date_gmt":"2015-08-28T15:41:33","guid":{"rendered":"http:\/\/www.kulturei.ch\/?page_id=82"},"modified":"2022-10-18T13:17:07","modified_gmt":"2022-10-18T11:17:07","slug":"sponsoren","status":"publish","type":"page","link":"https:\/\/www.kulturei.ch\/?page_id=82","title":{"rendered":"Sponsoren"},"content":{"rendered":"<p>&#8211; Apotheke Sumiswald<br \/>\n&#8211; Balz Informatik, Sumiswald<br \/>\n&#8211; G\u00e4rtnerei Gfeller, Sumiswald<br \/>\n&#8211; Bernerland Bank AG, Sumiswald<br \/>\n&#8211; Ersparniskasse Affoltern i.E<br \/>\n&#8211; Landgasthof B\u00e4ren, Sumiswald<br \/>\n&#8211; Norsonic Brechb\u00fchl AG, R\u00fcegsauschachen<br \/>\n&#8211; Sumiswalder Krankenkasse<br \/>\n&#8211; Raiffeisenbank Unteremmental<br \/>\n&#8211; Emmental Versicherung<br \/>\n&#8211; Kirchgemeinden Affoltern, L\u00fctzelfl\u00fch und Wasen<br \/>\n&#8211; Einwohnergemeinde Sumiswald<br \/>\n&#8211; SWISSLOS\/Kultur Kanton Bern.<\/p>\n","protected":false},"excerpt":{"rendered":"<p>&#8211; Apotheke Sumiswald &#8211; Balz Informatik, Sumiswald &#8211; G\u00e4rtnerei Gfeller, Sumiswald &#8211; Bernerland Bank AG, Sumiswald &#8211; Ersparniskasse Affoltern i.E &#8211; Landgasthof B\u00e4ren, Sumiswald &#8211; Norsonic Brechb\u00fchl AG, R\u00fcegsauschachen &#8211; Sumiswalder Krankenkasse &#8211; Raiffeisenbank Unteremmental &#8211; Emmental Versicherung &#8211; Kirchgemeinden &hellip; <a href=\"https:\/\/www.kulturei.ch\/?page_id=82\">Weiterlesen <span class=\"meta-nav\">&rarr;<\/span><\/a><\/p>\n","protected":false},"author":1,"featured_media":0,"parent":0,"menu_order":0,"comment_status":"closed","ping_status":"closed","template":"","meta":{"_price":"","_stock":"","_tribe_ticket_header":"","_tribe_default_ticket_provider":"","_tribe_ticket_capacity":"0","_ticket_start_date":"","_ticket_end_date":"","_tribe_ticket_show_description":"","_tribe_ticket_show_not_going":false,"_tribe_ticket_use_global_stock":"","_tribe_ticket_global_stock_level":"","_global_stock_mode":"","_global_stock_cap":"","_tribe_rsvp_for_event":"","_tribe_ticket_going_count":"","_tribe_ticket_not_going_count":"","_tribe_tickets_list":"[]","_tribe_ticket_has_attendee_info_fields":false,"footnotes":""},"class_list":["post-82","page","type-page","status-publish","hentry"],"_links":{"self":[{"href":"https:\/\/www.kulturei.ch\/index.php?rest_route=\/wp\/v2\/pages\/82","targetHints":{"allow":["GET"]}}],"collection":[{"href":"https:\/\/www.kulturei.ch\/index.php?rest_route=\/wp\/v2\/pages"}],"about":[{"href":"https:\/\/www.kulturei.ch\/index.php?rest_route=\/wp\/v2\/types\/page"}],"author":[{"embeddable":true,"href":"https:\/\/www.kulturei.ch\/index.php?rest_route=\/wp\/v2\/users\/1"}],"replies":[{"embeddable":true,"href":"https:\/\/www.kulturei.ch\/index.php?rest_route=%2Fwp%2Fv2%2Fcomments&post=82"}],"version-history":[{"count":10,"href":"https:\/\/www.kulturei.ch\/index.php?rest_route=\/wp\/v2\/pages\/82\/revisions"}],"predecessor-version":[{"id":1166,"href":"https:\/\/www.kulturei.ch\/index.php?rest_route=\/wp\/v2\/pages\/82\/revisions\/1166"}],"wp:attachment":[{"href":"https:\/\/www.kulturei.ch\/index.php?rest_route=%2Fwp%2Fv2%2Fmedia&parent=82"}],"curies":[{"name":"wp","href":"https:\/\/api.w.org\/{rel}","templated":true}]}}

<p>&#8211; Apotheke Sumiswald<br />
&#8211; Balz Informatik, Sumiswald<br />
&#8211; Gärtnerei Gfeller, Sumiswald<br />
&#8211; Bernerland Bank AG, Sumiswald<br />
&#8211; Ersparniskasse Affoltern i.E<br />
&#8211; Landgasthof Bären, Sumiswald<br />
&#8211; Norsonic Brechbühl AG, Rüegsauschachen<br />
&#8211; Sumiswalder Krankenkasse<br />
&#8211; Raiffeisenbank Unteremmental<br />
&#8211; Emmental Versicherung<br />
&#8211; Kirchgemeinden Affoltern, Lützelflüh und Wasen<br />
&#8211; Einwohnergemeinde Sumiswald<br />
&#8211; SWISSLOS/Kultur Kanton Bern.</p>

<p>&#8211; Apotheke Sumiswald &#8211; Balz Informatik, Sumiswald &#8211; Gärtnerei Gfeller, Sumiswald &#8211; Bernerland Bank AG, Sumiswald &#8211; Ersparniskasse Affoltern i.E &#8211; Landgasthof Bären, Sumiswald &#8211; Norsonic Brechbühl AG, Rüegsauschachen &#8211; Sumiswalder Krankenkasse &#8211; Raiffeisenbank Unteremmental &#8211; Emmental Versicherung &#8211; Kirchgemeinden &hellip; <a href="https://www.kulturei.ch/?page_id=82">Weiterlesen <span class="meta-nav">&rarr;</span></a></p>
